Last updated on 2023-05-30 01:56:51 CEST.
Flavor | Version | Tinstall | Tcheck | Ttotal | Status | Flags |
---|---|---|---|---|---|---|
r-devel-linux-x86_64-debian-clang | 9.1.1 | 372.16 | 60.34 | 432.50 | NOTE | |
r-devel-linux-x86_64-debian-gcc | 9.1.1 | 327.18 | 47.34 | 374.52 | NOTE | |
r-devel-linux-x86_64-fedora-clang | 9.1.1 | 636.92 | NOTE | |||
r-devel-linux-x86_64-fedora-gcc | 9.1.1 | 714.49 | NOTE | |||
r-devel-windows-x86_64 | 9.1.1 | 240.00 | 101.00 | 341.00 | NOTE | |
r-patched-linux-x86_64 | 9.1.1 | 352.70 | 58.69 | 411.39 | NOTE | |
r-release-linux-x86_64 | 9.1.1 | 320.05 | 58.63 | 378.68 | NOTE | |
r-release-macos-arm64 | 9.1.1 | 162.00 | NOTE | |||
r-release-macos-x86_64 | 9.1.1 | 318.00 | NOTE | |||
r-release-windows-x86_64 | 9.1.1 | 306.00 | 109.00 | 415.00 | NOTE | |
r-oldrel-macos-arm64 | 9.1.1 | 152.00 | NOTE | |||
r-oldrel-macos-x86_64 | 9.1.1 | 105.00 | ERROR | |||
r-oldrel-windows-x86_64 | 9.1.1 | 323.00 | 106.00 | 429.00 | NOTE |
Version: 9.1.1
Check: C++ specification
Result: NOTE
Specified C++11: please drop specification unless essential
Flavors: r-devel-linux-x86_64-debian-clang, r-devel-linux-x86_64-debian-gcc, r-devel-linux-x86_64-fedora-clang, r-devel-linux-x86_64-fedora-gcc, r-devel-windows-x86_64, r-patched-linux-x86_64, r-release-linux-x86_64, r-release-macos-arm64, r-release-macos-x86_64, r-release-windows-x86_64
Version: 9.1.1
Check: for GNU extensions in Makefiles
Result: NOTE
GNU make is a SystemRequirements.
Flavors: r-devel-linux-x86_64-debian-clang, r-devel-linux-x86_64-debian-gcc, r-devel-linux-x86_64-fedora-clang, r-devel-linux-x86_64-fedora-gcc, r-devel-windows-x86_64, r-patched-linux-x86_64, r-release-linux-x86_64, r-release-macos-arm64, r-release-macos-x86_64, r-release-windows-x86_64, r-oldrel-macos-arm64, r-oldrel-windows-x86_64
Version: 9.1.1
Check: installed package size
Result: NOTE
installed size is 26.8Mb
sub-directories of 1Mb or more:
libs 26.5Mb
Flavors: r-release-macos-arm64, r-release-macos-x86_64, r-oldrel-macos-arm64
Version: 9.1.1
Check: whether package can be installed
Result: ERROR
Installation failed.
Flavor: r-oldrel-macos-x86_64