CRAN Package Check Results for Package FMCCSD

Last updated on 2025-04-30 02:50:38 CEST.

Flavor Version Tinstall Tcheck Ttotal Status Flags
r-devel-linux-x86_64-debian-clang 1.0 23.85 26.38 50.23 NOTE
r-devel-linux-x86_64-debian-gcc 1.0 16.42 20.68 37.10 NOTE
r-devel-linux-x86_64-fedora-clang 1.0 88.69 NOTE
r-devel-linux-x86_64-fedora-gcc 1.0 87.73 NOTE
r-devel-windows-x86_64 1.0 28.00 74.00 102.00 NOTE
r-patched-linux-x86_64 1.0 25.41 25.74 51.15 NOTE
r-release-linux-x86_64 1.0 23.42 25.42 48.84 NOTE
r-release-macos-arm64 1.0 28.00 NOTE
r-release-macos-x86_64 1.0 41.00 NOTE
r-release-windows-x86_64 1.0 29.00 80.00 109.00 NOTE
r-oldrel-macos-arm64 1.0 27.00 NOTE
r-oldrel-macos-x86_64 1.0 47.00 NOTE
r-oldrel-windows-x86_64 1.0 32.00 80.00 112.00 NOTE

Check Details

Version: 1.0
Check: C++ specification
Result: NOTE Specified C++11: please drop specification unless essential Flavors: r-devel-linux-x86_64-debian-clang, r-devel-linux-x86_64-debian-gcc, r-devel-linux-x86_64-fedora-clang, r-devel-linux-x86_64-fedora-gcc, r-devel-windows-x86_64, r-patched-linux-x86_64, r-release-linux-x86_64, r-release-macos-arm64, r-release-macos-x86_64, r-release-windows-x86_64, r-oldrel-macos-arm64, r-oldrel-macos-x86_64, r-oldrel-windows-x86_64