Last updated on 2022-05-20 01:51:05 CEST.
Flavor | Version | Tinstall | Tcheck | Ttotal | Status | Flags |
---|---|---|---|---|---|---|
r-devel-linux-x86_64-debian-clang | 2.0.5 | 164.42 | 642.06 | 806.48 | NOTE | |
r-devel-linux-x86_64-debian-gcc | 2.0.5 | 147.37 | 480.51 | 627.88 | NOTE | |
r-devel-linux-x86_64-fedora-clang | 2.0.5 | 1013.99 | NOTE | |||
r-devel-linux-x86_64-fedora-gcc | 2.0.5 | 1051.14 | NOTE | |||
r-devel-windows-x86_64 | 2.0.5 | 126.00 | 350.00 | 476.00 | NOTE | --no-vignettes |
r-patched-linux-x86_64 | 2.0.5 | 158.41 | 629.36 | 787.77 | NOTE | |
r-release-linux-x86_64 | 2.0.5 | 154.34 | 618.48 | 772.82 | NOTE | |
r-release-macos-arm64 | 2.0.5 | 282.00 | NOTE | |||
r-release-macos-x86_64 | 2.0.5 | 456.00 | NOTE | |||
r-release-windows-x86_64 | 2.0.5 | 132.00 | 354.00 | 486.00 | NOTE | --no-vignettes |
r-oldrel-macos-arm64 | 2.0.5 | 166.00 | NOTE | |||
r-oldrel-macos-x86_64 | 2.0.5 | 322.00 | NOTE | |||
r-oldrel-windows-ix86+x86_64 | 2.0.5 | 321.00 | 554.00 | 875.00 | NOTE | --no-vignettes |
Version: 2.0.5
Check: package dependencies
Result: NOTE
Packages suggested but not available for checking: 'dggrids', 'INLA'
Flavors: r-devel-linux-x86_64-debian-clang, r-devel-linux-x86_64-debian-gcc, r-patched-linux-x86_64, r-release-linux-x86_64, r-release-macos-arm64, r-release-macos-x86_64, r-oldrel-macos-arm64, r-oldrel-macos-x86_64
Version: 2.0.5
Check: package dependencies
Result: NOTE
Package suggested but not available for checking: ‘dggrids’
Flavors: r-devel-linux-x86_64-fedora-clang, r-devel-linux-x86_64-fedora-gcc
Version: 2.0.5
Check: installed package size
Result: NOTE
installed size is 65.3Mb
sub-directories of 1Mb or more:
data 5.0Mb
doc 1.7Mb
libs 57.7Mb
Flavors: r-devel-linux-x86_64-fedora-clang, r-release-macos-arm64, r-release-macos-x86_64, r-oldrel-macos-arm64, r-oldrel-macos-x86_64
Version: 2.0.5
Flags: --no-vignettes
Check: package dependencies
Result: NOTE
Packages suggested but not available for checking: 'dggrids', 'INLA'
Flavors: r-devel-windows-x86_64, r-release-windows-x86_64
Version: 2.0.5
Flags: --no-vignettes
Check: installed package size
Result: NOTE
installed size is 20.5Mb
sub-directories of 1Mb or more:
data 5.0Mb
doc 1.7Mb
libs 12.9Mb
Flavors: r-devel-windows-x86_64, r-release-windows-x86_64, r-oldrel-windows-ix86+x86_64
Version: 2.0.5
Flags: --no-vignettes
Check: package dependencies
Result: NOTE
Package suggested but not available for checking: 'dggrids'
Flavor: r-oldrel-windows-ix86+x86_64