CRAN Package Check Results for Package FactorsR

Last updated on 2020-01-22 15:49:00 CET.

Flavor Version Tinstall Tcheck Ttotal Status Flags
r-devel-linux-x86_64-debian-clang 1.4 3.99 30.42 34.41 OK
r-devel-linux-x86_64-debian-gcc 1.4 3.25 24.12 27.37 OK
r-devel-linux-x86_64-fedora-clang 1.4 43.50 NOTE
r-devel-linux-x86_64-fedora-gcc 1.4 42.33 NOTE
r-devel-windows-ix86+x86_64 1.4 16.00 57.00 73.00 OK
r-devel-windows-ix86+x86_64-gcc8 1.4 9.00 42.00 51.00 OK
r-patched-linux-x86_64 1.4 3.16 27.79 30.95 OK
r-patched-solaris-x86 1.4 56.40 NOTE
r-release-linux-x86_64 1.4 2.71 28.12 30.83 OK
r-release-windows-ix86+x86_64 1.4 8.00 53.00 61.00 OK
r-release-osx-x86_64 1.4 NOTE
r-oldrel-windows-ix86+x86_64 1.4 5.00 35.00 40.00 OK
r-oldrel-osx-x86_64 1.4 NOTE

Check Details

Version: 1.4
Check: data for non-ASCII characters
Result: NOTE
     Note: found 5 marked Latin-1 strings
Flavors: r-devel-linux-x86_64-fedora-clang, r-devel-linux-x86_64-fedora-gcc, r-patched-solaris-x86, r-release-osx-x86_64, r-oldrel-osx-x86_64