CRAN Package Check Results for Package FielDHub

Last updated on 2022-05-25 02:52:19 CEST.

Flavor Version Tinstall Tcheck Ttotal Status Flags
r-devel-linux-x86_64-debian-clang 0.1.0 21.52 186.21 207.73 OK
r-devel-linux-x86_64-debian-gcc 0.1.0 15.73 132.15 147.88 OK
r-devel-linux-x86_64-fedora-clang 0.1.0 244.93 NOTE
r-devel-linux-x86_64-fedora-gcc 0.1.0 254.94 NOTE
r-devel-windows-x86_64 0.1.0 52.00 195.00 247.00 OK
r-patched-linux-x86_64 0.1.0 16.60 171.28 187.88 OK
r-release-linux-x86_64 0.1.0 OK
r-release-macos-arm64 0.1.0 55.00 NOTE
r-release-macos-x86_64 0.1.0 92.00 NOTE
r-release-windows-x86_64 0.1.0 58.00 190.00 248.00 OK
r-oldrel-macos-arm64 0.1.0 67.00 NOTE
r-oldrel-macos-x86_64 0.1.0 95.00 NOTE
r-oldrel-windows-ix86+x86_64 0.1.0 47.00 190.00 237.00 OK

Check Details

Version: 0.1.0
Check: dependencies in R code
Result: NOTE
    Namespaces in Imports field not imported from:
     ‘attempt’ ‘glue’
     All declared Imports should be used.
Flavors: r-devel-linux-x86_64-fedora-clang, r-devel-linux-x86_64-fedora-gcc, r-release-macos-arm64, r-release-macos-x86_64, r-oldrel-macos-arm64, r-oldrel-macos-x86_64