Last updated on 2022-06-30 01:49:08 CEST.
Flavor | Version | Tinstall | Tcheck | Ttotal | Status | Flags |
---|---|---|---|---|---|---|
r-devel-linux-x86_64-debian-clang | 1.2.6 | 5.30 | 58.47 | 63.77 | OK | |
r-devel-linux-x86_64-debian-gcc | 1.2.6 | 4.87 | 42.79 | 47.66 | OK | |
r-devel-linux-x86_64-fedora-clang | 1.2.6 | 88.44 | NOTE | |||
r-devel-linux-x86_64-fedora-gcc | 1.2.6 | 87.22 | OK | |||
r-devel-windows-x86_64 | 1.2.6 | 36.00 | 89.00 | 125.00 | OK | |
r-patched-linux-x86_64 | 1.2.6 | 6.65 | 55.30 | 61.95 | OK | |
r-release-linux-x86_64 | 1.2.6 | 5.70 | 56.70 | 62.40 | OK | |
r-release-macos-arm64 | 1.2.6 | 24.00 | OK | |||
r-release-macos-x86_64 | 1.2.6 | 35.00 | OK | |||
r-release-windows-x86_64 | 1.2.6 | 40.00 | 88.00 | 128.00 | OK | |
r-oldrel-macos-arm64 | 1.2.6 | 30.00 | OK | |||
r-oldrel-macos-x86_64 | 1.2.6 | 43.00 | OK | |||
r-oldrel-windows-ix86+x86_64 | 1.2.6 | 12.00 | 80.00 | 92.00 | OK |
Version: 1.2.6
Check: Rd cross-references
Result: NOTE
Undeclared package ‘Kendall’ in Rd xrefs
Flavor: r-devel-linux-x86_64-fedora-clang