Last updated on 2025-11-02 02:50:45 CET.
| Flavor | Version | Tinstall | Tcheck | Ttotal | Status | Flags |
|---|---|---|---|---|---|---|
| r-devel-linux-x86_64-debian-clang | 0.2.2 | 22.34 | 60.99 | 83.33 | OK | |
| r-devel-linux-x86_64-debian-gcc | 0.2.2 | 14.43 | 40.91 | 55.34 | OK | |
| r-devel-linux-x86_64-fedora-clang | 0.2.2 | 56.00 | 73.18 | 129.18 | NOTE | |
| r-devel-linux-x86_64-fedora-gcc | 0.2.2 | 34.00 | 104.30 | 138.30 | NOTE | |
| r-devel-windows-x86_64 | 0.2.2 | 28.00 | 86.00 | 114.00 | OK | |
| r-patched-linux-x86_64 | 0.2.2 | 19.60 | 56.64 | 76.24 | OK | |
| r-release-linux-x86_64 | 0.2.2 | 19.42 | 54.18 | 73.60 | OK | |
| r-release-macos-arm64 | 0.2.2 | 10.00 | 40.00 | 50.00 | OK | |
| r-release-macos-x86_64 | 0.2.2 | 11.00 | 66.00 | 77.00 | OK | |
| r-release-windows-x86_64 | 0.2.2 | 28.00 | 83.00 | 111.00 | OK | |
| r-oldrel-macos-arm64 | 0.2.2 | 9.00 | 31.00 | 40.00 | OK | |
| r-oldrel-macos-x86_64 | 0.2.2 | 11.00 | 57.00 | 68.00 | OK | |
| r-oldrel-windows-x86_64 | 0.2.2 | 34.00 | 107.00 | 141.00 | OK |
Version: 0.2.2
Check: dependencies in R code
Result: NOTE
Namespaces in Imports field not imported from:
‘kableExtra’ ‘knitr’ ‘rmarkdown’
All declared Imports should be used.
Flavors: r-devel-linux-x86_64-fedora-clang, r-devel-linux-x86_64-fedora-gcc