Last updated on 2024-04-20 01:49:56 CEST.
Flavor | Version | Tinstall | Tcheck | Ttotal | Status | Flags |
---|---|---|---|---|---|---|
r-devel-linux-x86_64-debian-clang | 0.4-7 | 11.05 | 89.71 | 100.76 | NOTE | |
r-devel-linux-x86_64-debian-gcc | 0.4-7 | NOTE | ||||
r-devel-linux-x86_64-fedora-clang | 0.4-7 | 123.28 | NOTE | |||
r-devel-linux-x86_64-fedora-gcc | 0.4-7 | 126.42 | NOTE | |||
r-prerel-macos-arm64 | 0.4-7 | 42.00 | NOTE | |||
r-prerel-windows-x86_64 | 0.4-7 | 9.00 | 117.00 | 126.00 | NOTE | |
r-patched-linux-x86_64 | 0.4-7 | 12.62 | 86.84 | 99.46 | NOTE | |
r-release-linux-x86_64 | 0.4-7 | 8.95 | 84.52 | 93.47 | OK | |
r-release-macos-arm64 | 0.4-7 | 43.00 | OK | |||
r-release-macos-x86_64 | 0.4-7 | 70.00 | OK | |||
r-release-windows-x86_64 | 0.4-7 | 11.00 | 125.00 | 136.00 | OK | |
r-oldrel-macos-arm64 | 0.4-7 | 39.00 | OK | |||
r-oldrel-windows-x86_64 | 0.4-7 | 12.00 | 113.00 | 125.00 | OK |
Version: 0.4-7
Check: Rd files
Result: NOTE
checkRd: (-1) trapezoidalApproximation-methods.Rd:49: Lost braces; missing escapes or markup?
49 | For example, if Val(A) < EV_{1/3}(A) or Val(A) > EV_{2/3}(A),
| ^
checkRd: (-1) trapezoidalApproximation-methods.Rd:49: Lost braces; missing escapes or markup?
49 | For example, if Val(A) < EV_{1/3}(A) or Val(A) > EV_{2/3}(A),
| ^
Flavors: r-devel-linux-x86_64-debian-clang, r-devel-linux-x86_64-debian-gcc, r-devel-linux-x86_64-fedora-clang, r-devel-linux-x86_64-fedora-gcc, r-prerel-macos-arm64, r-prerel-windows-x86_64, r-patched-linux-x86_64