Last updated on 2024-04-19 01:58:43 CEST.
Flavor | Version | Tinstall | Tcheck | Ttotal | Status | Flags |
---|---|---|---|---|---|---|
r-devel-linux-x86_64-debian-clang | 0.2 | 16.92 | 180.85 | 197.77 | NOTE | |
r-devel-linux-x86_64-debian-gcc | 0.2 | 15.21 | 128.56 | 143.77 | NOTE | |
r-devel-linux-x86_64-fedora-clang | 0.2 | 240.99 | NOTE | |||
r-devel-linux-x86_64-fedora-gcc | 0.2 | 238.89 | NOTE | |||
r-prerel-macos-arm64 | 0.2 | 68.00 | NOTE | |||
r-prerel-windows-x86_64 | 0.2 | 16.00 | 175.00 | 191.00 | NOTE | |
r-patched-linux-x86_64 | 0.2 | 17.06 | 167.72 | 184.78 | NOTE | |
r-release-linux-x86_64 | 0.2 | 18.68 | 166.10 | 184.78 | NOTE | |
r-release-macos-arm64 | 0.2 | 71.00 | NOTE | |||
r-release-macos-x86_64 | 0.2 | 121.00 | NOTE | |||
r-release-windows-x86_64 | 0.2 | 17.00 | 193.00 | 210.00 | NOTE | |
r-oldrel-macos-arm64 | 0.2 | 66.00 | NOTE | |||
r-oldrel-windows-x86_64 | 0.2 | 23.00 | 178.00 | 201.00 | NOTE |
Version: 0.2
Check: LazyData
Result: NOTE
'LazyData' is specified without a 'data' directory
Flavors: r-devel-linux-x86_64-debian-clang, r-devel-linux-x86_64-debian-gcc, r-devel-linux-x86_64-fedora-clang, r-devel-linux-x86_64-fedora-gcc, r-prerel-macos-arm64, r-prerel-windows-x86_64, r-patched-linux-x86_64, r-release-linux-x86_64, r-release-macos-arm64, r-release-macos-x86_64, r-release-windows-x86_64, r-oldrel-macos-arm64, r-oldrel-windows-x86_64