CRAN Package Check Results for Package GA

Last updated on 2020-02-20 23:47:28 CET.

Flavor Version Tinstall Tcheck Ttotal Status Flags
r-devel-linux-x86_64-debian-clang 3.2 44.65 81.74 126.39 OK
r-devel-linux-x86_64-debian-gcc 3.2 35.25 58.32 93.57 OK
r-devel-linux-x86_64-fedora-clang 3.2 162.38 NOTE
r-devel-linux-x86_64-fedora-gcc 3.2 160.00 OK
r-devel-windows-ix86+x86_64 3.2 82.00 115.00 197.00 OK
r-devel-windows-ix86+x86_64-gcc8 3.2 119.00 157.00 276.00 OK
r-patched-linux-x86_64 3.2 38.24 69.23 107.47 OK
r-patched-solaris-x86 3.2 172.30 OK
r-release-linux-x86_64 3.2 38.09 69.09 107.18 OK
r-release-windows-ix86+x86_64 3.2 74.00 117.00 191.00 OK
r-release-osx-x86_64 3.2 NOTE
r-oldrel-windows-ix86+x86_64 3.2 75.00 101.00 176.00 OK
r-oldrel-osx-x86_64 3.2 NOTE

Check Details

Version: 3.2
Check: installed package size
Result: NOTE
     installed size is 6.1Mb
     sub-directories of 1Mb or more:
     doc 1.7Mb
     libs 3.8Mb
Flavors: r-devel-linux-x86_64-fedora-clang, r-release-osx-x86_64, r-oldrel-osx-x86_64