Last updated on 2025-11-15 03:50:11 CET.
| Flavor | Version | Tinstall | Tcheck | Ttotal | Status | Flags |
|---|---|---|---|---|---|---|
| r-devel-linux-x86_64-debian-clang | 0.3.4.1 | 287.10 | 73.44 | 360.54 | NOTE | |
| r-devel-linux-x86_64-debian-gcc | 0.3.4.1 | 163.09 | 51.27 | 214.36 | NOTE | |
| r-devel-linux-x86_64-fedora-clang | 0.3.4.1 | 369.00 | 373.98 | 742.98 | OK | |
| r-devel-linux-x86_64-fedora-gcc | 0.3.4.1 | 433.00 | 159.48 | 592.48 | OK | |
| r-devel-windows-x86_64 | 0.3.4.1 | 352.00 | 116.00 | 468.00 | NOTE | |
| r-patched-linux-x86_64 | 0.3.4.1 | 276.54 | 71.54 | 348.08 | NOTE | |
| r-release-linux-x86_64 | 0.3.4.1 | 264.73 | 69.89 | 334.62 | NOTE | |
| r-release-macos-arm64 | 0.3.4.1 | 91.00 | 38.00 | 129.00 | OK | |
| r-release-macos-x86_64 | 0.3.4.1 | 80.00 | 75.00 | 155.00 | OK | |
| r-release-windows-x86_64 | 0.3.4.1 | 329.00 | 115.00 | 444.00 | NOTE | |
| r-oldrel-macos-arm64 | 0.3.4.1 | 88.00 | 35.00 | 123.00 | NOTE | |
| r-oldrel-macos-x86_64 | 0.3.4.1 | 103.00 | 93.00 | 196.00 | NOTE | |
| r-oldrel-windows-x86_64 | 0.3.4.1 | 387.00 | 138.00 | 525.00 | OK |
Version: 0.3.4.1
Check: Rd cross-references
Result: NOTE
Found the following Rd file(s) with Rd \link{} targets missing package
anchors:
Goals.Rd: zoo
MultiGASFit.Rd: hessian
UniGASFit.Rd: hessian
cpichg.Rd: xts
fn.solnp.Rd: solnp
sp500ret.Rd: xts
sp500rv.Rd: xts
usunp.Rd: xts
Please provide package anchors for all Rd \link{} targets not in the
package itself and the base packages.
Flavors: r-devel-linux-x86_64-debian-clang, r-devel-linux-x86_64-debian-gcc, r-devel-windows-x86_64, r-patched-linux-x86_64, r-release-linux-x86_64, r-release-windows-x86_64
Version: 0.3.4.1
Check: installed package size
Result: NOTE
installed size is 11.8Mb
sub-directories of 1Mb or more:
data 1.4Mb
libs 9.7Mb
Flavors: r-oldrel-macos-arm64, r-oldrel-macos-x86_64