CRAN Package Check Results for Package GEEaSPU

Last updated on 2020-02-18 23:48:31 CET.

Flavor Version Tinstall Tcheck Ttotal Status Flags
r-devel-linux-x86_64-debian-clang 1.0.2 42.20 26.55 68.75 OK
r-devel-linux-x86_64-debian-gcc 1.0.2 32.20 21.22 53.42 OK
r-devel-linux-x86_64-fedora-clang 1.0.2 93.41 NOTE
r-devel-linux-x86_64-fedora-gcc 1.0.2 92.82 NOTE
r-devel-windows-ix86+x86_64 1.0.2 71.00 58.00 129.00 OK
r-devel-windows-ix86+x86_64-gcc8 1.0.2 105.00 86.00 191.00 OK
r-patched-linux-x86_64 1.0.2 33.55 23.79 57.34 OK
r-patched-solaris-x86 1.0.2 93.30 OK
r-release-linux-x86_64 1.0.2 32.37 23.57 55.94 OK
r-release-windows-ix86+x86_64 1.0.2 77.00 56.00 133.00 OK
r-release-osx-x86_64 1.0.2 OK
r-oldrel-windows-ix86+x86_64 1.0.2 68.00 58.00 126.00 OK
r-oldrel-osx-x86_64 1.0.2 OK

Check Details

Version: 1.0.2
Check: compiled code
Result: NOTE
    File ‘GEEaSPU/libs/GEEaSPU.so’:
     Found no calls to: ‘R_registerRoutines’, ‘R_useDynamicSymbols’
    
    It is good practice to register native routines and to disable symbol
    search.
    
    See ‘Writing portable packages’ in the ‘Writing R Extensions’ manual.
Flavors: r-devel-linux-x86_64-fedora-clang, r-devel-linux-x86_64-fedora-gcc