Last updated on 2024-04-24 01:52:11 CEST.
Flavor | Version | Tinstall | Tcheck | Ttotal | Status | Flags |
---|---|---|---|---|---|---|
r-devel-linux-x86_64-debian-clang | 0.3.3 | 7.40 | 82.88 | 90.28 | NOTE | |
r-devel-linux-x86_64-debian-gcc | 0.3.3 | 5.91 | 59.41 | 65.32 | NOTE | |
r-devel-linux-x86_64-fedora-clang | 0.3.3 | 118.42 | NOTE | |||
r-devel-linux-x86_64-fedora-gcc | 0.3.3 | 124.82 | NOTE | |||
r-prerel-macos-arm64 | 0.3.3 | 36.00 | NOTE | |||
r-prerel-windows-x86_64 | 0.3.3 | 8.00 | 76.00 | 84.00 | NOTE | |
r-patched-linux-x86_64 | 0.3.3 | 6.67 | 78.34 | 85.01 | NOTE | |
r-release-linux-x86_64 | 0.3.3 | 4.90 | 75.09 | 79.99 | NOTE | |
r-release-macos-arm64 | 0.3.3 | 45.00 | NOTE | |||
r-release-macos-x86_64 | 0.3.3 | 53.00 | NOTE | |||
r-release-windows-x86_64 | 0.3.3 | 11.00 | 85.00 | 96.00 | NOTE | |
r-oldrel-macos-arm64 | 0.3.3 | 29.00 | NOTE | |||
r-oldrel-windows-x86_64 | 0.3.3 | 11.00 | 112.00 | 123.00 | NOTE |
Version: 0.3.3
Check: package dependencies
Result: NOTE
Package suggested but not available for checking: ‘RGtk2’
Flavors: r-devel-linux-x86_64-debian-clang, r-devel-linux-x86_64-debian-gcc, r-devel-linux-x86_64-fedora-clang, r-devel-linux-x86_64-fedora-gcc, r-prerel-macos-arm64, r-prerel-windows-x86_64, r-patched-linux-x86_64, r-release-linux-x86_64, r-release-macos-arm64, r-release-macos-x86_64, r-release-windows-x86_64, r-oldrel-macos-arm64, r-oldrel-windows-x86_64
Version: 0.3.3
Check: Rd files
Result: NOTE
checkRd: (-1) QANOVA.Rd:62: Lost braces in \itemize; meant \describe ?
checkRd: (-1) QANOVA.Rd:63: Lost braces in \itemize; meant \describe ?
checkRd: (-1) QANOVA.Rd:64-66: Lost braces in \itemize; meant \describe ?
checkRd: (-1) QANOVA.Rd:67: Lost braces in \itemize; meant \describe ?
Flavors: r-devel-linux-x86_64-debian-clang, r-devel-linux-x86_64-debian-gcc, r-devel-linux-x86_64-fedora-clang, r-devel-linux-x86_64-fedora-gcc, r-prerel-macos-arm64, r-prerel-windows-x86_64, r-patched-linux-x86_64