Last updated on 2023-05-31 01:57:15 CEST.
Flavor | Version | Tinstall | Tcheck | Ttotal | Status | Flags |
---|---|---|---|---|---|---|
r-devel-linux-x86_64-debian-clang | 1.1.5 | 164.69 | 63.86 | 228.55 | NOTE | |
r-devel-linux-x86_64-debian-gcc | 1.1.5 | 147.29 | 49.79 | 197.08 | NOTE | |
r-devel-linux-x86_64-fedora-clang | 1.1.5 | 347.36 | NOTE | |||
r-devel-linux-x86_64-fedora-gcc | 1.1.5 | 388.64 | NOTE | |||
r-devel-windows-x86_64 | 1.1.5 | 135.00 | 103.00 | 238.00 | NOTE | |
r-patched-linux-x86_64 | 1.1.5 | 146.01 | 65.32 | 211.33 | NOTE | |
r-release-linux-x86_64 | 1.1.5 | 155.91 | 64.07 | 219.98 | NOTE | |
r-release-macos-arm64 | 1.1.5 | 91.00 | NOTE | |||
r-release-macos-x86_64 | 1.1.5 | 171.00 | NOTE | |||
r-release-windows-x86_64 | 1.1.5 | 182.00 | 110.00 | 292.00 | NOTE | |
r-oldrel-macos-arm64 | 1.1.5 | 84.00 | NOTE | |||
r-oldrel-macos-x86_64 | 1.1.5 | 114.00 | NOTE | |||
r-oldrel-windows-x86_64 | 1.1.5 | 167.00 | 108.00 | 275.00 | NOTE |
Version: 1.1.5
Check: C++ specification
Result: NOTE
Specified C++11: please drop specification unless essential
Flavors: r-devel-linux-x86_64-debian-clang, r-devel-linux-x86_64-debian-gcc, r-devel-linux-x86_64-fedora-clang, r-devel-linux-x86_64-fedora-gcc, r-devel-windows-x86_64, r-patched-linux-x86_64, r-release-linux-x86_64, r-release-macos-arm64, r-release-macos-x86_64, r-release-windows-x86_64
Version: 1.1.5
Check: for GNU extensions in Makefiles
Result: NOTE
GNU make is a SystemRequirements.
Flavors: r-devel-linux-x86_64-debian-clang, r-devel-linux-x86_64-debian-gcc, r-devel-linux-x86_64-fedora-clang, r-devel-linux-x86_64-fedora-gcc, r-devel-windows-x86_64, r-patched-linux-x86_64, r-release-linux-x86_64, r-release-macos-arm64, r-release-macos-x86_64, r-release-windows-x86_64, r-oldrel-macos-arm64, r-oldrel-macos-x86_64, r-oldrel-windows-x86_64
Version: 1.1.5
Check: installed package size
Result: NOTE
installed size is 9.7Mb
sub-directories of 1Mb or more:
libs 9.6Mb
Flavors: r-release-macos-arm64, r-release-macos-x86_64, r-oldrel-macos-arm64, r-oldrel-macos-x86_64