CRAN Package Check Results for Package GMPro

Last updated on 2022-06-30 01:49:10 CEST.

Flavor Version Tinstall Tcheck Ttotal Status Flags
r-devel-linux-x86_64-debian-clang 0.1.0 4.41 61.09 65.50 NOTE
r-devel-linux-x86_64-debian-gcc 0.1.0 2.80 45.35 48.15 NOTE
r-devel-linux-x86_64-fedora-clang 0.1.0 87.74 NOTE
r-devel-linux-x86_64-fedora-gcc 0.1.0 86.46 NOTE
r-devel-windows-x86_64 0.1.0 10.00 88.00 98.00 NOTE
r-patched-linux-x86_64 0.1.0 4.12 57.26 61.38 NOTE
r-release-linux-x86_64 0.1.0 4.13 57.28 61.41 NOTE
r-release-macos-arm64 0.1.0 27.00 NOTE
r-release-macos-x86_64 0.1.0 37.00 NOTE
r-release-windows-x86_64 0.1.0 9.00 87.00 96.00 NOTE
r-oldrel-macos-arm64 0.1.0 33.00 NOTE
r-oldrel-macos-x86_64 0.1.0 59.00 NOTE
r-oldrel-windows-ix86+x86_64 0.1.0 10.00 82.00 92.00 NOTE

Check Details

Version: 0.1.0
Check: LazyData
Result: NOTE
     'LazyData' is specified without a 'data' directory
Flavors: r-devel-linux-x86_64-debian-clang, r-devel-linux-x86_64-debian-gcc, r-devel-linux-x86_64-fedora-clang, r-devel-linux-x86_64-fedora-gcc, r-devel-windows-x86_64, r-patched-linux-x86_64, r-release-linux-x86_64, r-release-macos-arm64, r-release-macos-x86_64, r-release-windows-x86_64, r-oldrel-macos-arm64, r-oldrel-macos-x86_64, r-oldrel-windows-ix86+x86_64