Last updated on 2024-08-16 01:48:19 CEST.
Flavor | Version | Tinstall | Tcheck | Ttotal | Status | Flags |
---|---|---|---|---|---|---|
r-devel-linux-x86_64-debian-clang | 0.3.4 | 5.03 | 44.86 | 49.89 | OK | |
r-devel-linux-x86_64-debian-gcc | 0.3.4 | 3.07 | 34.86 | 37.93 | OK | |
r-devel-linux-x86_64-fedora-clang | 0.3.4 | 74.85 | NOTE | |||
r-devel-linux-x86_64-fedora-gcc | 0.3.4 | 84.04 | NOTE | |||
r-devel-windows-x86_64 | 0.3.4 | 4.00 | 77.00 | 81.00 | OK | |
r-patched-linux-x86_64 | 0.3.4 | 4.75 | 42.65 | 47.40 | OK | |
r-release-linux-x86_64 | 0.3.4 | 4.60 | 42.20 | 46.80 | OK | |
r-release-macos-arm64 | 0.3.4 | 60.00 | OK | |||
r-release-macos-x86_64 | 0.3.4 | 79.00 | OK | |||
r-release-windows-x86_64 | 0.3.4 | 5.00 | 77.00 | 82.00 | OK | |
r-oldrel-macos-arm64 | 0.3.4 | 62.00 | OK | |||
r-oldrel-macos-x86_64 | 0.3.4 | 73.00 | OK | |||
r-oldrel-windows-x86_64 | 0.3.4 | 5.00 | 86.00 | 91.00 | OK |
Version: 0.3.4
Check: data for non-ASCII characters
Result: NOTE
Note: found 3 marked UTF-8 strings
Flavors: r-devel-linux-x86_64-fedora-clang, r-devel-linux-x86_64-fedora-gcc