Last updated on 2023-11-30 01:53:31 CET.
Flavor | Version | Tinstall | Tcheck | Ttotal | Status | Flags |
---|---|---|---|---|---|---|
r-devel-linux-x86_64-debian-clang | 0.2.1 | 43.71 | 531.25 | 574.96 | NOTE | |
r-devel-linux-x86_64-debian-gcc | 0.2.1 | 30.32 | 345.91 | 376.23 | NOTE | |
r-devel-linux-x86_64-fedora-clang | 0.2.1 | 678.86 | NOTE | |||
r-devel-linux-x86_64-fedora-gcc | 0.2.1 | 601.23 | NOTE | |||
r-devel-windows-x86_64 | 0.2.1 | 35.00 | 477.00 | 512.00 | NOTE | |
r-patched-linux-x86_64 | 0.2.1 | 26.54 | 448.15 | 474.69 | OK | |
r-release-linux-x86_64 | 0.2.1 | 26.12 | 451.07 | 477.19 | OK | |
r-release-macos-arm64 | 0.2.1 | 229.00 | OK | |||
r-release-macos-x86_64 | 0.2.1 | 361.00 | OK | |||
r-release-windows-x86_64 | 0.2.1 | 47.00 | 629.00 | 676.00 | OK | |
r-oldrel-macos-arm64 | 0.2.1 | 193.00 | OK | |||
r-oldrel-macos-x86_64 | 0.2.1 | 262.00 | OK | |||
r-oldrel-windows-x86_64 | 0.2.1 | 46.00 | 617.00 | 663.00 | OK |
Version: 0.2.1
Check: Rd \usage sections
Result: NOTE
Documented arguments not in \usage in Rd file 'estimate_noise_nn.Rd':
‘n_thread’
Functions with \usage entries need to have the appropriate \alias
entries, and all their arguments documented.
The \usage entries must correspond to syntactically valid R code.
See chapter ‘Writing R documentation files’ in the ‘Writing R
Extensions’ manual.
Flavors: r-devel-linux-x86_64-debian-clang, r-devel-linux-x86_64-debian-gcc, r-devel-linux-x86_64-fedora-clang, r-devel-linux-x86_64-fedora-gcc, r-devel-windows-x86_64