CRAN Package Check Results for Package GPCERF

Last updated on 2025-11-20 02:49:16 CET.

Flavor Version Tinstall Tcheck Ttotal Status Flags
r-devel-linux-x86_64-debian-clang 0.2.4 27.45 444.82 472.27 NOTE
r-devel-linux-x86_64-debian-gcc 0.2.4 17.36 269.33 286.69 NOTE
r-devel-linux-x86_64-fedora-clang 0.2.4 77.00 561.14 638.14 OK
r-devel-linux-x86_64-fedora-gcc 0.2.4 106.00 512.21 618.21 OK
r-devel-windows-x86_64 0.2.4 41.00 469.00 510.00 OK
r-patched-linux-x86_64 0.2.4 27.80 349.24 377.04 OK
r-release-linux-x86_64 0.2.4 26.02 348.11 374.13 OK
r-release-macos-arm64 0.2.4 OK
r-release-macos-x86_64 0.2.4 22.00 418.00 440.00 OK
r-release-windows-x86_64 0.2.4 36.00 470.00 506.00 OK
r-oldrel-macos-arm64 0.2.4 OK
r-oldrel-macos-x86_64 0.2.4 32.00 365.00 397.00 OK
r-oldrel-windows-x86_64 0.2.4 44.00 658.00 702.00 OK

Check Details

Version: 0.2.4
Check: DESCRIPTION meta-information
Result: NOTE Author field differs from that derived from Authors@R Author: ‘Naeem Khoshnevis [aut] (<https://orcid.org/0000-0003-4315-1426>, HUIT), Boyu Ren [aut, cre] (<https://orcid.org/0000-0002-5300-1184>, McLean Hospital), Tanujit Dey [ctb] (<https://orcid.org/0000-0001-5559-211X>, HMS), Danielle Braun [aut] (<https://orcid.org/0000-0002-5177-8598>, HSPH)’ Authors@R: ‘Naeem Khoshnevis [aut] (ORCID: <https://orcid.org/0000-0003-4315-1426>, AFFILIATION: HUIT), Boyu Ren [aut, cre] (ORCID: <https://orcid.org/0000-0002-5300-1184>, AFFILIATION: McLean Hospital), Tanujit Dey [ctb] (ORCID: <https://orcid.org/0000-0001-5559-211X>, AFFILIATION: HMS), Danielle Braun [aut] (ORCID: <https://orcid.org/0000-0002-5177-8598>, AFFILIATION: HSPH)’ Flavors: r-devel-linux-x86_64-debian-clang, r-devel-linux-x86_64-debian-gcc