Last updated on 2024-03-28 01:53:58 CET.
Flavor | Version | Tinstall | Tcheck | Ttotal | Status | Flags |
---|---|---|---|---|---|---|
r-devel-linux-x86_64-debian-clang | 1.4 | 11.20 | 778.66 | 789.86 | OK | |
r-devel-linux-x86_64-debian-gcc | 1.4 | 8.05 | 538.53 | 546.58 | OK | |
r-devel-linux-x86_64-fedora-clang | 1.4 | 1049.96 | NOTE | |||
r-devel-linux-x86_64-fedora-gcc | 1.4 | 924.73 | OK | |||
r-devel-windows-x86_64 | 1.4 | 9.00 | 133.00 | 142.00 | NOTE | --no-vignettes |
r-patched-linux-x86_64 | 1.4 | 12.61 | 754.89 | 767.50 | OK | |
r-release-linux-x86_64 | 1.4 | 7.14 | 752.36 | 759.50 | OK | |
r-release-macos-arm64 | 1.4 | 212.00 | NOTE | |||
r-release-macos-x86_64 | 1.4 | 551.00 | NOTE | |||
r-release-windows-x86_64 | 1.4 | 12.00 | 266.00 | 278.00 | NOTE | --no-vignettes |
r-oldrel-macos-arm64 | 1.4 | 205.00 | NOTE | |||
r-oldrel-windows-x86_64 | 1.4 | 14.00 | 161.00 | 175.00 | NOTE | --no-vignettes |
Version: 1.4
Check: installed package size
Result: NOTE
installed size is 5.3Mb
sub-directories of 1Mb or more:
data 1.4Mb
doc 3.5Mb
Flavors: r-devel-linux-x86_64-fedora-clang, r-release-macos-arm64, r-release-macos-x86_64, r-oldrel-macos-arm64
Version: 1.4
Flags: --no-vignettes
Check: installed package size
Result: NOTE
installed size is 5.2Mb
sub-directories of 1Mb or more:
data 1.4Mb
doc 3.5Mb
Flavors: r-devel-windows-x86_64, r-release-windows-x86_64, r-oldrel-windows-x86_64