Last updated on 2024-04-19 01:58:44 CEST.
Flavor | Version | Tinstall | Tcheck | Ttotal | Status | Flags |
---|---|---|---|---|---|---|
r-devel-linux-x86_64-debian-clang | 3.2.1 | 57.21 | 405.14 | 462.35 | OK | |
r-devel-linux-x86_64-debian-gcc | 3.2.1 | 39.30 | 278.61 | 317.91 | OK | |
r-devel-linux-x86_64-fedora-clang | 3.2.1 | 539.82 | NOTE | |||
r-devel-linux-x86_64-fedora-gcc | 3.2.1 | 516.91 | OK | |||
r-prerel-macos-arm64 | 3.2.1 | 112.00 | OK | |||
r-prerel-macos-x86_64 | 3.2.1 | 295.00 | OK | |||
r-prerel-windows-x86_64 | 3.2.1 | 39.00 | 221.00 | 260.00 | OK | |
r-patched-linux-x86_64 | 3.2.1 | 44.81 | 369.04 | 413.85 | OK | |
r-release-linux-x86_64 | 3.2.1 | 49.65 | 386.80 | 436.45 | OK | |
r-release-macos-arm64 | 3.2.1 | 119.00 | OK | |||
r-release-macos-x86_64 | 3.2.1 | 284.00 | OK | |||
r-release-windows-x86_64 | 3.2.1 | 53.00 | 307.00 | 360.00 | OK | |
r-oldrel-macos-arm64 | 3.2.1 | 126.00 | OK | |||
r-oldrel-windows-x86_64 | 3.2.1 | 56.00 | 301.00 | 357.00 | OK |
Version: 3.2.1
Check: package dependencies
Result: NOTE
Imports includes 21 non-default packages.
Importing from so many packages makes the package vulnerable to any of
them becoming unavailable. Move as many as possible to Suggests and
use conditionally.
Flavor: r-devel-linux-x86_64-fedora-clang