Last updated on 2022-07-02 01:48:56 CEST.
Flavor | Version | Tinstall | Tcheck | Ttotal | Status | Flags |
---|---|---|---|---|---|---|
r-devel-linux-x86_64-debian-clang | 2.7 | 6.43 | 58.60 | 65.03 | OK | |
r-devel-linux-x86_64-debian-gcc | 2.7 | 5.18 | 44.39 | 49.57 | OK | |
r-devel-linux-x86_64-fedora-clang | 2.7 | 87.74 | WARN | |||
r-devel-linux-x86_64-fedora-gcc | 2.7 | 89.11 | WARN | |||
r-devel-windows-x86_64 | 2.7 | 33.00 | 88.00 | 121.00 | OK | |
r-patched-linux-x86_64 | 2.7 | 6.89 | 56.77 | 63.66 | OK | |
r-release-linux-x86_64 | 2.7 | 4.43 | 56.22 | 60.65 | OK | |
r-release-macos-arm64 | 2.7 | 27.00 | OK | |||
r-release-macos-x86_64 | 2.7 | 36.00 | OK | |||
r-release-windows-x86_64 | 2.7 | 46.00 | 89.00 | 135.00 | OK | |
r-oldrel-macos-arm64 | 2.7 | 32.00 | OK | |||
r-oldrel-macos-x86_64 | 2.7 | 49.00 | OK | |||
r-oldrel-windows-ix86+x86_64 | 2.7 | 13.00 | 76.00 | 89.00 | OK |
Version: 2.7
Check: package dependencies
Result: WARN
Requires orphaned package: ‘gtools’
Flavors: r-devel-linux-x86_64-fedora-clang, r-devel-linux-x86_64-fedora-gcc