Last updated on 2025-07-14 01:48:25 CEST.
Flavor | Version | Tinstall | Tcheck | Ttotal | Status | Flags |
---|---|---|---|---|---|---|
r-devel-linux-x86_64-debian-clang | 1.3.1 | 41.63 | 107.83 | 149.46 | OK | |
r-devel-linux-x86_64-debian-gcc | 1.3.1 | 32.37 | 79.20 | 111.57 | OK | |
r-devel-linux-x86_64-fedora-clang | 1.3.1 | 247.13 | OK | |||
r-devel-linux-x86_64-fedora-gcc | 1.3.1 | 247.36 | OK | |||
r-devel-windows-x86_64 | 1.3.1 | 54.00 | 129.00 | 183.00 | OK | |
r-patched-linux-x86_64 | 1.3.1 | 45.11 | 102.30 | 147.41 | OK | |
r-release-linux-x86_64 | 1.3.1 | 44.87 | 101.70 | 146.57 | OK | |
r-release-macos-arm64 | 1.3.1 | 81.00 | OK | |||
r-release-macos-x86_64 | 1.3.1 | 140.00 | OK | |||
r-release-windows-x86_64 | 1.3.1 | 56.00 | 136.00 | 192.00 | OK | |
r-oldrel-macos-arm64 | 1.3.1 | 49.00 | NOTE | |||
r-oldrel-macos-x86_64 | 1.3.1 | 79.00 | NOTE | |||
r-oldrel-windows-x86_64 | 1.3.1 | 65.00 | 159.00 | 224.00 | NOTE |
Version: 1.3.1
Check: for GNU extensions in Makefiles
Result: NOTE
GNU make is a SystemRequirements.
Flavors: r-oldrel-macos-arm64, r-oldrel-macos-x86_64, r-oldrel-windows-x86_64