Last updated on 2025-11-20 02:49:15 CET.
| Flavor | Version | Tinstall | Tcheck | Ttotal | Status | Flags |
|---|---|---|---|---|---|---|
| r-devel-linux-x86_64-debian-gcc | 0.1.8 | 12.12 | 43.10 | 55.22 | OK | |
| r-devel-linux-x86_64-fedora-clang | 0.1.8 | 77.00 | 57.52 | 134.52 | OK | |
| r-devel-linux-x86_64-fedora-gcc | 0.1.8 | 85.00 | 37.67 | 122.67 | OK | |
| r-patched-linux-x86_64 | 0.1.8 | 17.85 | 54.51 | 72.36 | OK | |
| r-release-macos-arm64 | 0.1.8 | 5.00 | 15.00 | 20.00 | OK | |
| r-release-macos-x86_64 | 0.1.8 | 41.00 | 114.00 | 155.00 | OK | |
| r-oldrel-macos-arm64 | 0.1.8 | 1.00 | 9.00 | 10.00 | ERROR | |
| r-oldrel-macos-x86_64 | 0.1.8 | 41.00 | 73.00 | 114.00 | NOTE |
Version: 0.1.8
Check: whether package can be installed
Result: ERROR
Installation failed.
Flavor: r-oldrel-macos-arm64
Version: 0.1.8
Check: for GNU extensions in Makefiles
Result: NOTE
GNU make is a SystemRequirements.
Flavor: r-oldrel-macos-x86_64