Last updated on 2025-11-09 01:48:38 CET.
| Flavor | Version | Tinstall | Tcheck | Ttotal | Status | Flags |
|---|---|---|---|---|---|---|
| r-devel-linux-x86_64-debian-clang | 0.6.1 | 29.29 | 102.91 | 132.20 | OK | |
| r-devel-linux-x86_64-debian-gcc | 0.6.1 | 19.15 | 73.56 | 92.71 | OK | |
| r-devel-linux-x86_64-fedora-clang | 0.6.1 | 71.00 | 136.47 | 207.47 | OK | |
| r-devel-linux-x86_64-fedora-gcc | 0.6.1 | 66.00 | 147.61 | 213.61 | OK | |
| r-devel-windows-x86_64 | 0.6.1 | 32.00 | 125.00 | 157.00 | OK | |
| r-patched-linux-x86_64 | 0.6.1 | 27.80 | 99.71 | 127.51 | OK | |
| r-release-linux-x86_64 | 0.6.1 | 26.11 | 96.96 | 123.07 | OK | |
| r-release-macos-arm64 | 0.6.1 | 12.00 | 49.00 | 61.00 | OK | |
| r-release-macos-x86_64 | 0.6.1 | 22.00 | 109.00 | 131.00 | OK | |
| r-release-windows-x86_64 | 0.6.1 | 31.00 | 129.00 | 160.00 | OK | |
| r-oldrel-macos-arm64 | 0.6.1 | 12.00 | 53.00 | 65.00 | NOTE | |
| r-oldrel-macos-x86_64 | 0.6.1 | 23.00 | 106.00 | 129.00 | NOTE | |
| r-oldrel-windows-x86_64 | 0.6.1 | 39.00 | 162.00 | 201.00 | OK |
Version: 0.6.1
Check: installed package size
Result: NOTE
installed size is 5.1Mb
sub-directories of 1Mb or more:
doc 1.4Mb
libs 3.6Mb
Flavors: r-oldrel-macos-arm64, r-oldrel-macos-x86_64