Last updated on 2024-04-24 01:52:10 CEST.
Flavor | Version | Tinstall | Tcheck | Ttotal | Status | Flags |
---|---|---|---|---|---|---|
r-devel-linux-x86_64-debian-clang | 0.2.2 | 8.62 | 123.99 | 132.61 | OK | |
r-devel-linux-x86_64-debian-gcc | 0.2.2 | 6.43 | 88.70 | 95.13 | OK | |
r-devel-linux-x86_64-fedora-clang | 0.2.2 | 167.47 | OK | |||
r-devel-linux-x86_64-fedora-gcc | 0.2.2 | 159.87 | OK | |||
r-prerel-macos-arm64 | 0.2.2 | 44.00 | OK | |||
r-prerel-windows-x86_64 | 0.2.2 | 10.00 | 105.00 | 115.00 | OK | |
r-patched-linux-x86_64 | 0.2.2 | 10.09 | 111.95 | 122.04 | OK | |
r-release-linux-x86_64 | 0.2.2 | 9.30 | 116.96 | 126.26 | OK | |
r-release-macos-arm64 | 0.2.2 | 49.00 | OK | |||
r-release-macos-x86_64 | 0.2.2 | 74.00 | NOTE | |||
r-release-windows-x86_64 | 0.2.2 | 14.00 | 131.00 | 145.00 | OK | |
r-oldrel-macos-arm64 | 0.2.2 | 47.00 | OK | |||
r-oldrel-windows-x86_64 | 0.2.2 | 14.00 | 128.00 | 142.00 | OK |
Version: 0.2.2
Check: package dependencies
Result: NOTE
Package suggested but not available for checking: ‘xgboost’
Flavor: r-release-macos-x86_64