Last updated on 2022-07-03 01:48:55 CEST.
Flavor | Version | Tinstall | Tcheck | Ttotal | Status | Flags |
---|---|---|---|---|---|---|
r-devel-linux-x86_64-debian-clang | 1.0.2 | 3.91 | 36.02 | 39.93 | OK | |
r-devel-linux-x86_64-debian-gcc | 1.0.2 | 3.70 | 27.81 | 31.51 | OK | |
r-devel-linux-x86_64-fedora-clang | 1.0.2 | 59.99 | WARN | |||
r-devel-linux-x86_64-fedora-gcc | 1.0.2 | 57.80 | WARN | |||
r-devel-windows-x86_64 | 1.0.2 | 25.00 | 62.00 | 87.00 | OK | |
r-patched-linux-x86_64 | 1.0.2 | 4.27 | 36.05 | 40.32 | OK | |
r-release-linux-x86_64 | 1.0.2 | 3.96 | 34.55 | 38.51 | OK | |
r-release-macos-arm64 | 1.0.2 | 34.00 | NOTE | |||
r-release-macos-x86_64 | 1.0.2 | 27.00 | NOTE | |||
r-release-windows-x86_64 | 1.0.2 | 26.00 | 63.00 | 89.00 | OK | |
r-oldrel-macos-arm64 | 1.0.2 | 21.00 | NOTE | |||
r-oldrel-macos-x86_64 | 1.0.2 | 26.00 | NOTE | |||
r-oldrel-windows-ix86+x86_64 | 1.0.2 | 13.00 | 59.00 | 72.00 | OK |
Version: 1.0.2
Check: package dependencies
Result: WARN
Requires (indirectly) orphaned package: ‘gtools’
Flavors: r-devel-linux-x86_64-fedora-clang, r-devel-linux-x86_64-fedora-gcc
Version: 1.0.2
Check: dependencies in R code
Result: NOTE
Namespaces in Imports field not imported from:
‘DT’ ‘GWmodel’ ‘beepr’ ‘cartography’ ‘dplyr’ ‘raster’ ‘readxl’
‘shinyBS’ ‘shinyWidgets’ ‘shinyalert’ ‘shinybusy’ ‘shinyjs’ ‘sp’
‘spdep’
All declared Imports should be used.
Flavors: r-devel-linux-x86_64-fedora-clang, r-devel-linux-x86_64-fedora-gcc, r-release-macos-arm64, r-release-macos-x86_64, r-oldrel-macos-arm64, r-oldrel-macos-x86_64