CRAN Package Check Results for Package Gifi

Last updated on 2025-04-30 01:50:21 CEST.

Flavor Version Tinstall Tcheck Ttotal Status Flags
r-devel-linux-x86_64-debian-clang 0.4-0 5.97 46.03 52.00 NOTE
r-devel-linux-x86_64-debian-gcc 0.4-0 4.48 31.70 36.18 OK
r-devel-linux-x86_64-fedora-clang 0.4-0 80.09 OK
r-devel-linux-x86_64-fedora-gcc 0.4-0 77.58 OK
r-devel-windows-x86_64 0.4-0 10.00 66.00 76.00 OK
r-patched-linux-x86_64 0.4-0 5.34 43.68 49.02 OK
r-release-linux-x86_64 0.4-0 4.93 43.41 48.34 OK
r-release-macos-arm64 0.4-0 27.00 OK
r-release-macos-x86_64 0.4-0 47.00 OK
r-release-windows-x86_64 0.4-0 10.00 68.00 78.00 OK
r-oldrel-macos-arm64 0.4-0 25.00 OK
r-oldrel-macos-x86_64 0.4-0 40.00 OK
r-oldrel-windows-x86_64 0.4-0 10.00 77.00 87.00 OK

Check Details

Version: 0.4-0
Check: examples
Result: NOTE Examples with CPU (user + system) or elapsed time > 5s user system elapsed morals 5.244 0.014 6.865 plot.morals 4.671 0.009 6.621 Flavor: r-devel-linux-x86_64-debian-clang