CRAN Package Check Results for Package GmAMisc

Last updated on 2022-07-02 01:48:57 CEST.

Flavor Version Tinstall Tcheck Ttotal Status Flags
r-devel-linux-x86_64-debian-clang 1.2.1 45.92 454.69 500.61 OK
r-devel-linux-x86_64-debian-gcc 1.2.1 38.15 332.49 370.64 OK
r-devel-linux-x86_64-fedora-clang 1.2.1 619.61 NOTE
r-devel-linux-x86_64-fedora-gcc 1.2.1 593.68 OK
r-devel-windows-x86_64 1.2.1 71.00 447.00 518.00 OK
r-patched-linux-x86_64 1.2.1 46.16 427.59 473.75 OK
r-release-linux-x86_64 1.2.1 45.19 439.02 484.21 OK
r-release-macos-arm64 1.2.1 131.00 OK
r-release-macos-x86_64 1.2.1 237.00 OK
r-release-windows-x86_64 1.2.1 71.00 467.00 538.00 OK
r-oldrel-macos-arm64 1.2.1 86.00 OK
r-oldrel-macos-x86_64 1.2.1 170.00 OK
r-oldrel-windows-ix86+x86_64 1.2.1 113.00 496.00 609.00 OK

Check Details

Version: 1.2.1
Check: package dependencies
Result: NOTE
    Imports includes 24 non-default packages.
    Importing from so many packages makes the package vulnerable to any of
    them becoming unavailable. Move as many as possible to Suggests and
    use conditionally.
Flavor: r-devel-linux-x86_64-fedora-clang