CRAN Package Check Results for Package GramQuad

Last updated on 2025-11-15 03:50:12 CET.

Flavor Version Tinstall Tcheck Ttotal Status Flags
r-devel-linux-x86_64-debian-clang 0.1.1 1.66 20.29 21.95 NOTE
r-devel-linux-x86_64-debian-gcc 0.1.1 1.36 16.67 18.03 NOTE
r-devel-linux-x86_64-fedora-clang 0.1.1 32.22 OK
r-devel-linux-x86_64-fedora-gcc 0.1.1 30.55 OK
r-devel-windows-x86_64 0.1.1 4.00 42.00 46.00 OK
r-patched-linux-x86_64 0.1.1 1.67 19.46 21.13 OK
r-release-linux-x86_64 0.1.1 1.49 19.41 20.90 OK
r-release-macos-arm64 0.1.1 1.00 16.00 17.00 OK
r-release-macos-x86_64 0.1.1 2.00 23.00 25.00 OK
r-release-windows-x86_64 0.1.1 2.00 42.00 44.00 OK
r-oldrel-macos-arm64 0.1.1 1.00 15.00 16.00 OK
r-oldrel-macos-x86_64 0.1.1 1.00 19.00 20.00 OK
r-oldrel-windows-x86_64 0.1.1 2.00 47.00 49.00 OK

Check Details

Version: 0.1.1
Check: CRAN incoming feasibility
Result: NOTE Maintainer: ‘Iago Giné-Vázquez <iago.gin-vaz@protonmail.com>’ The Description field contains <arXiv:2106.14875> [math.NA] 28 Jun 2021, by Irfan Muhammad [School of Please refer to arXiv e-prints via their arXiv DOI <doi:10.48550/arXiv.YYMM.NNNNN>. Flavors: r-devel-linux-x86_64-debian-clang, r-devel-linux-x86_64-debian-gcc