Last updated on 2025-10-31 01:48:59 CET.
| Flavor | Version | Tinstall | Tcheck | Ttotal | Status | Flags | 
|---|---|---|---|---|---|---|
| r-devel-linux-x86_64-debian-clang | 1.5.6.1 | 24.48 | 101.59 | 126.07 | NOTE | |
| r-devel-linux-x86_64-debian-gcc | 1.5.6.1 | 16.56 | 73.10 | 89.66 | NOTE | |
| r-devel-linux-x86_64-fedora-clang | 1.5.6.1 | 63.00 | 142.65 | 205.65 | NOTE | |
| r-devel-linux-x86_64-fedora-gcc | 1.5.6.1 | 55.00 | 132.87 | 187.87 | NOTE | |
| r-devel-windows-x86_64 | 1.5.6.1 | 30.00 | 123.00 | 153.00 | NOTE | |
| r-patched-linux-x86_64 | 1.5.6.1 | 23.71 | 96.01 | 119.72 | NOTE | |
| r-release-linux-x86_64 | 1.5.6.1 | 23.80 | 96.33 | 120.13 | NOTE | |
| r-release-macos-arm64 | 1.5.6.1 | 10.00 | 38.00 | 48.00 | NOTE | |
| r-release-macos-x86_64 | 1.5.6.1 | 14.00 | 66.00 | 80.00 | NOTE | |
| r-release-windows-x86_64 | 1.5.6.1 | 31.00 | 124.00 | 155.00 | NOTE | |
| r-oldrel-macos-arm64 | 1.5.6.1 | 12.00 | 41.00 | 53.00 | NOTE | |
| r-oldrel-macos-x86_64 | 1.5.6.1 | 14.00 | 80.00 | 94.00 | NOTE | |
| r-oldrel-windows-x86_64 | 1.5.6.1 | 38.00 | 155.00 | 193.00 | NOTE | 
Version: 1.5.6.1
Check: CRAN incoming feasibility
Result: NOTE
  Maintainer: ‘Adam Kapelner <kapelner@qc.cuny.edu>’
  
  The Description field contains
    Greatly Improved Balance" (2016) <arXiv:1612.02315>, Krieger, A,
    Binary Matching with Imbalance Optimization" (2021) <arXiv:2012.03330>.
  Please refer to arXiv e-prints via their arXiv DOI <doi:10.48550/arXiv.YYMM.NNNNN>.
Flavors: r-devel-linux-x86_64-debian-clang, r-devel-linux-x86_64-debian-gcc
Version: 1.5.6.1
Check: Rd files
Result: NOTE
  checkRd: (-1) greedy_orthogonalization_curation.Rd:10: Lost braces; missing escapes or markup?
      10 | \item{W}{A matrix in ${-1, 1}^{R x n}$ which have R allocation vectors for an experiment of sample size n.}
         |                       ^
  checkRd: (-1) greedy_orthogonalization_curation.Rd:10: Lost braces; missing escapes or markup?
      10 | \item{W}{A matrix in ${-1, 1}^{R x n}$ which have R allocation vectors for an experiment of sample size n.}
         |                               ^
  checkRd: (-1) greedy_orthogonalization_curation2.Rd:10: Lost braces; missing escapes or markup?
      10 | \item{W}{A matrix in ${-1, 1}^{R x n}$ which have R allocation vectors for an experiment of sample size n.}
         |                       ^
  checkRd: (-1) greedy_orthogonalization_curation2.Rd:10: Lost braces; missing escapes or markup?
      10 | \item{W}{A matrix in ${-1, 1}^{R x n}$ which have R allocation vectors for an experiment of sample size n.}
         |                               ^
  checkRd: (-1) initBinaryMatchExperimentalDesignSearch.Rd:36: Lost braces; missing escapes or markup?
      36 | a search through $1_{T}$ space for pairwise match designs based on the structure computed in the function \code{computeBinaryMatchStructure}. 
         |                     ^
  checkRd: (-1) initGreedyExperimentalDesignObject.Rd:71: Lost braces; missing escapes or markup?
      71 | a search through $1_{T}$ space for forced balance designs. For debugging, you can use set the \code{seed}
         |                     ^
  checkRd: (-1) initGreedyMultipleKernelExperimentalDesignObject.Rd:82: Lost braces; missing escapes or markup?
      82 | a search through $1_{T}$ space for forced balance designs. For debugging, you can use set the \code{seed}
         |                     ^
  checkRd: (-1) initKarpExperimentalDesignObject.Rd:31: Lost braces; missing escapes or markup?
      31 | a search through $1_{T}$ space. Note that the Karp search only works 
         |                     ^
  checkRd: (-1) initOptimalExperimentalDesignObject.Rd:39: Lost braces; missing escapes or markup?
      39 | a search through $1_{T}$ space. Since this search takes exponential time, for most machines, 
         |                     ^
  checkRd: (-1) initRerandomizationExperimentalDesignObject.Rd:53: Lost braces; missing escapes or markup?
      53 | a search through $1_{T}$ space for forced-balance designs. For debugging, you can use set the \code{seed}
         |                     ^
Flavors: r-devel-linux-x86_64-debian-clang, r-devel-linux-x86_64-debian-gcc, r-devel-linux-x86_64-fedora-clang, r-devel-linux-x86_64-fedora-gcc, r-devel-windows-x86_64, r-patched-linux-x86_64, r-release-linux-x86_64, r-release-macos-arm64, r-release-macos-x86_64, r-release-windows-x86_64, r-oldrel-macos-arm64, r-oldrel-macos-x86_64, r-oldrel-windows-x86_64