Last updated on 2024-08-16 01:48:20 CEST.
Flavor | Version | Tinstall | Tcheck | Ttotal | Status | Flags |
---|---|---|---|---|---|---|
r-devel-linux-x86_64-debian-clang | 0.0.5 | 26.75 | 214.90 | 241.65 | OK | |
r-devel-linux-x86_64-debian-gcc | 0.0.5 | 19.53 | 138.65 | 158.18 | OK | |
r-devel-linux-x86_64-fedora-clang | 0.0.5 | 366.99 | OK | |||
r-devel-linux-x86_64-fedora-gcc | 0.0.5 | 341.01 | OK | |||
r-devel-windows-x86_64 | 0.0.5 | 25.00 | 171.00 | 196.00 | OK | |
r-patched-linux-x86_64 | 0.0.5 | 23.73 | 185.26 | 208.99 | OK | |
r-release-linux-x86_64 | 0.0.5 | 24.63 | 189.24 | 213.87 | OK | |
r-release-macos-arm64 | 0.0.5 | 96.00 | OK | |||
r-release-macos-x86_64 | 0.0.5 | 148.00 | OK | |||
r-release-windows-x86_64 | 0.0.5 | 27.00 | 172.00 | 199.00 | OK | |
r-oldrel-macos-arm64 | 0.0.5 | 5.00 | ERROR | |||
r-oldrel-macos-x86_64 | 0.0.5 | 164.00 | OK | |||
r-oldrel-windows-x86_64 | 0.0.5 | 34.00 | 235.00 | 269.00 | OK |
Version: 0.0.5
Check: package dependencies
Result: ERROR
Package required but not available: ‘DOSE’
See section ‘The DESCRIPTION file’ in the ‘Writing R Extensions’
manual.
Flavor: r-oldrel-macos-arm64