Last updated on 2024-03-29 01:51:07 CET.
Flavor | Version | Tinstall | Tcheck | Ttotal | Status | Flags |
---|---|---|---|---|---|---|
r-devel-linux-x86_64-debian-clang | 0.0.5 | 31.86 | 258.68 | 290.54 | OK | |
r-devel-linux-x86_64-debian-gcc | 0.0.5 | 26.59 | 191.13 | 217.72 | OK | |
r-devel-linux-x86_64-fedora-clang | 0.0.5 | 397.41 | OK | |||
r-devel-linux-x86_64-fedora-gcc | 0.0.5 | 362.17 | OK | |||
r-devel-windows-x86_64 | 0.0.5 | 26.00 | 178.00 | 204.00 | OK | |
r-patched-linux-x86_64 | 0.0.5 | 20.13 | 246.96 | 267.09 | OK | |
r-release-linux-x86_64 | 0.0.5 | 20.25 | 252.70 | 272.95 | OK | |
r-release-macos-arm64 | 0.0.5 | 5.00 | ERROR | |||
r-release-macos-x86_64 | 0.0.5 | 164.00 | OK | |||
r-release-windows-x86_64 | 0.0.5 | 35.00 | 233.00 | 268.00 | OK | |
r-oldrel-macos-arm64 | 0.0.5 | 89.00 | OK | |||
r-oldrel-windows-x86_64 | 0.0.5 | 34.00 | 228.00 | 262.00 | OK |
Version: 0.0.5
Check: package dependencies
Result: ERROR
Package required but not available: ‘DOSE’
See section ‘The DESCRIPTION file’ in the ‘Writing R Extensions’
manual.
Flavor: r-release-macos-arm64