CRAN Package Check Results for Package Guerry

Last updated on 2025-04-19 01:49:53 CEST.

Flavor Version Tinstall Tcheck Ttotal Status Flags
r-devel-linux-x86_64-debian-clang 1.8.3 1.56 82.49 84.05 NOTE
r-devel-linux-x86_64-debian-gcc 1.8.3 1.43 60.52 61.95 NOTE
r-devel-linux-x86_64-fedora-clang 1.8.3 140.42 NOTE
r-devel-linux-x86_64-fedora-gcc 1.8.3 148.09 NOTE
r-devel-windows-x86_64 1.8.3 3.00 98.00 101.00 NOTE
r-patched-linux-x86_64 1.8.3 1.32 79.59 80.91 NOTE
r-release-linux-x86_64 1.8.3 1.50 81.47 82.97 NOTE
r-release-macos-arm64 1.8.3 48.00 NOTE
r-release-macos-x86_64 1.8.3 89.00 NOTE
r-release-windows-x86_64 1.8.3 2.00 100.00 102.00 NOTE
r-oldrel-macos-arm64 1.8.3 41.00 OK
r-oldrel-macos-x86_64 1.8.3 66.00 OK
r-oldrel-windows-x86_64 1.8.3 4.00 119.00 123.00 OK

Check Details

Version: 1.8.3
Check: DESCRIPTION meta-information
Result: NOTE Missing dependency on R >= 4.1.0 because package code uses the pipe |> or function shorthand \(...) syntax added in R 4.1.0. File(s) using such syntax: ‘gfrance85.Rd’ Flavors: r-devel-linux-x86_64-debian-clang, r-devel-linux-x86_64-debian-gcc, r-devel-linux-x86_64-fedora-clang, r-devel-linux-x86_64-fedora-gcc, r-devel-windows-x86_64, r-patched-linux-x86_64, r-release-linux-x86_64, r-release-macos-arm64, r-release-macos-x86_64, r-release-windows-x86_64