Last updated on 2024-04-20 01:49:58 CEST.
Flavor | Version | Tinstall | Tcheck | Ttotal | Status | Flags |
---|---|---|---|---|---|---|
r-devel-linux-x86_64-debian-clang | 0.1.3 | 36.66 | 136.32 | 172.98 | OK | |
r-devel-linux-x86_64-debian-gcc | 0.1.3 | OK | ||||
r-devel-linux-x86_64-fedora-clang | 0.1.3 | 223.64 | NOTE | |||
r-devel-linux-x86_64-fedora-gcc | 0.1.3 | 209.08 | OK | |||
r-prerel-macos-arm64 | 0.1.3 | 55.00 | NOTE | |||
r-prerel-windows-x86_64 | 0.1.3 | 24.00 | 100.00 | 124.00 | NOTE | |
r-patched-linux-x86_64 | 0.1.3 | 26.04 | 131.96 | 158.00 | OK | |
r-release-linux-x86_64 | 0.1.3 | 28.96 | 135.18 | 164.14 | OK | |
r-release-macos-arm64 | 0.1.3 | 44.00 | NOTE | |||
r-release-macos-x86_64 | 0.1.3 | 68.00 | NOTE | |||
r-release-windows-x86_64 | 0.1.3 | 30.00 | 121.00 | 151.00 | NOTE | |
r-oldrel-macos-arm64 | 0.1.3 | 51.00 | NOTE | |||
r-oldrel-windows-x86_64 | 0.1.3 | 30.00 | 127.00 | 157.00 | NOTE |
Version: 0.1.3
Check: installed package size
Result: NOTE
installed size is 6.4Mb
sub-directories of 1Mb or more:
data 6.3Mb
Flavors: r-devel-linux-x86_64-fedora-clang, r-prerel-macos-arm64, r-prerel-windows-x86_64, r-release-macos-arm64, r-release-macos-x86_64, r-release-windows-x86_64, r-oldrel-macos-arm64, r-oldrel-windows-x86_64