Last updated on 2025-05-18 01:50:29 CEST.
Flavor | Version | Tinstall | Tcheck | Ttotal | Status | Flags |
---|---|---|---|---|---|---|
r-devel-linux-x86_64-debian-clang | 0.0.1 | 48.22 | 28.91 | 77.13 | OK | |
r-devel-linux-x86_64-debian-gcc | 0.0.1 | 37.34 | 26.92 | 64.26 | OK | |
r-devel-linux-x86_64-fedora-clang | 0.0.1 | 130.19 | OK | |||
r-devel-linux-x86_64-fedora-gcc | 0.0.1 | 151.32 | OK | |||
r-devel-windows-x86_64 | 0.0.1 | 52.00 | 75.00 | 127.00 | OK | |
r-patched-linux-x86_64 | 0.0.1 | 49.10 | 31.98 | 81.08 | OK | |
r-release-linux-x86_64 | 0.0.1 | 47.57 | 31.82 | 79.39 | OK | |
r-release-macos-arm64 | 0.0.1 | 47.00 | OK | |||
r-release-macos-x86_64 | 0.0.1 | 52.00 | OK | |||
r-release-windows-x86_64 | 0.0.1 | 51.00 | 81.00 | 132.00 | OK | |
r-oldrel-macos-arm64 | 0.0.1 | 41.00 | NOTE | |||
r-oldrel-macos-x86_64 | 0.0.1 | 44.00 | NOTE | |||
r-oldrel-windows-x86_64 | 0.0.1 | 60.00 | 85.00 | 145.00 | OK |
Version: 0.0.1
Check: installed package size
Result: NOTE
installed size is 17.0Mb
sub-directories of 1Mb or more:
libs 16.9Mb
Flavors: r-oldrel-macos-arm64, r-oldrel-macos-x86_64