Last updated on 2022-08-09 01:54:50 CEST.
Flavor | Version | Tinstall | Tcheck | Ttotal | Status | Flags |
---|---|---|---|---|---|---|
r-devel-linux-x86_64-debian-clang | 1.0.5 | 5.82 | 74.99 | 80.81 | OK | |
r-devel-linux-x86_64-debian-gcc | 1.0.5 | 5.59 | 55.58 | 61.17 | OK | |
r-devel-linux-x86_64-fedora-clang | 1.0.5 | 111.10 | OK | |||
r-devel-linux-x86_64-fedora-gcc | 1.0.5 | 106.41 | OK | |||
r-devel-windows-x86_64 | 1.0.5 | 16.00 | 101.00 | 117.00 | OK | |
r-patched-linux-x86_64 | 1.0.5 | 6.67 | 69.44 | 76.11 | OK | |
r-release-linux-x86_64 | 1.0.5 | OK | ||||
r-release-macos-arm64 | 1.0.5 | 34.00 | OK | |||
r-release-macos-x86_64 | 1.0.5 | 45.00 | OK | |||
r-release-windows-x86_64 | 1.0.5 | 10.00 | 8.00 | 18.00 | ERROR | |
r-oldrel-macos-arm64 | 1.0.5 | 38.00 | OK | |||
r-oldrel-macos-x86_64 | 1.0.5 | 67.00 | OK | |||
r-oldrel-windows-ix86+x86_64 | 1.0.5 | 17.00 | 95.00 | 112.00 | OK |
Version: 1.0.5
Check: whether package can be installed
Result: ERROR
Installation failed.
Flavor: r-release-windows-x86_64