Last updated on 2025-05-09 01:50:06 CEST.
Flavor | Version | Tinstall | Tcheck | Ttotal | Status | Flags |
---|---|---|---|---|---|---|
r-devel-linux-x86_64-debian-clang | 2.0.1 | 47.45 | 95.23 | 142.68 | OK | |
r-devel-linux-x86_64-debian-gcc | 2.0.1 | 30.79 | 69.41 | 100.20 | OK | |
r-devel-linux-x86_64-fedora-clang | 2.0.1 | 225.19 | OK | |||
r-devel-linux-x86_64-fedora-gcc | 2.0.1 | 223.19 | OK | |||
r-devel-windows-x86_64 | 2.0.1 | 50.00 | 120.00 | 170.00 | OK | |
r-patched-linux-x86_64 | 2.0.1 | 42.47 | 89.12 | 131.59 | OK | |
r-release-linux-x86_64 | 2.0.1 | 38.43 | 89.40 | 127.83 | OK | |
r-release-macos-arm64 | 2.0.1 | 67.00 | OK | |||
r-release-macos-x86_64 | 2.0.1 | 144.00 | OK | |||
r-release-windows-x86_64 | 2.0.1 | 51.00 | 125.00 | 176.00 | OK | |
r-oldrel-macos-arm64 | 2.0.1 | 66.00 | NOTE | |||
r-oldrel-macos-x86_64 | 2.0.1 | 112.00 | NOTE | |||
r-oldrel-windows-x86_64 | 2.0.1 | 57.00 | 158.00 | 215.00 | NOTE |
Version: 2.0.1
Check: installed package size
Result: NOTE
installed size is 10.8Mb
sub-directories of 1Mb or more:
data 5.8Mb
libs 4.8Mb
Flavors: r-oldrel-macos-arm64, r-oldrel-macos-x86_64, r-oldrel-windows-x86_64