Last updated on 2024-08-16 01:48:20 CEST.
Flavor | Version | Tinstall | Tcheck | Ttotal | Status | Flags |
---|---|---|---|---|---|---|
r-devel-linux-x86_64-debian-clang | 0.1.2 | 31.49 | 23.60 | 55.09 | NOTE | |
r-devel-linux-x86_64-debian-gcc | 0.1.2 | 20.92 | 18.44 | 39.36 | NOTE | |
r-devel-linux-x86_64-fedora-clang | 0.1.2 | 106.85 | NOTE | |||
r-devel-linux-x86_64-fedora-gcc | 0.1.2 | 100.51 | NOTE | |||
r-devel-windows-x86_64 | 0.1.2 | 37.00 | 63.00 | 100.00 | NOTE | |
r-patched-linux-x86_64 | 0.1.2 | 29.37 | 21.69 | 51.06 | NOTE | |
r-release-linux-x86_64 | 0.1.2 | 29.32 | 22.11 | 51.43 | NOTE | |
r-release-macos-arm64 | 0.1.2 | 25.00 | NOTE | |||
r-release-macos-x86_64 | 0.1.2 | 32.00 | NOTE | |||
r-release-windows-x86_64 | 0.1.2 | 36.00 | 60.00 | 96.00 | NOTE | |
r-oldrel-macos-arm64 | 0.1.2 | 32.00 | NOTE | |||
r-oldrel-macos-x86_64 | 0.1.2 | 53.00 | NOTE | |||
r-oldrel-windows-x86_64 | 0.1.2 | 43.00 | 71.00 | 114.00 | NOTE |
Version: 0.1.2
Check: C++ specification
Result: NOTE
Specified C++11: please drop specification unless essential
Flavors: r-devel-linux-x86_64-debian-clang, r-devel-linux-x86_64-debian-gcc, r-devel-linux-x86_64-fedora-clang, r-devel-linux-x86_64-fedora-gcc, r-devel-windows-x86_64, r-patched-linux-x86_64, r-release-linux-x86_64, r-release-macos-arm64, r-release-macos-x86_64, r-release-windows-x86_64, r-oldrel-macos-arm64, r-oldrel-macos-x86_64, r-oldrel-windows-x86_64
Version: 0.1.2
Check: LazyData
Result: NOTE
'LazyData' is specified without a 'data' directory
Flavors: r-devel-linux-x86_64-debian-clang, r-devel-linux-x86_64-debian-gcc, r-devel-linux-x86_64-fedora-clang, r-devel-linux-x86_64-fedora-gcc, r-devel-windows-x86_64, r-patched-linux-x86_64, r-release-linux-x86_64, r-release-macos-arm64, r-release-macos-x86_64, r-release-windows-x86_64, r-oldrel-macos-arm64, r-oldrel-macos-x86_64, r-oldrel-windows-x86_64