CRAN Package Check Results for Package HSPOR

Last updated on 2022-08-13 01:48:59 CEST.

Flavor Version Tinstall Tcheck Ttotal Status Flags
r-devel-linux-x86_64-debian-clang 1.1.9 16.16 116.46 132.62 NOTE
r-devel-linux-x86_64-debian-gcc 1.1.9 14.00 86.60 100.60 NOTE
r-devel-linux-x86_64-fedora-clang 1.1.9 172.58 NOTE
r-devel-linux-x86_64-fedora-gcc 1.1.9 166.41 NOTE
r-devel-windows-x86_64 1.1.9 32.00 130.00 162.00 NOTE
r-patched-linux-x86_64 1.1.9 12.50 110.67 123.17 NOTE
r-release-linux-x86_64 1.1.9 14.26 111.26 125.52 NOTE
r-release-macos-arm64 1.1.9 43.00 NOTE
r-release-macos-x86_64 1.1.9 77.00 NOTE
r-release-windows-x86_64 1.1.9 23.00 132.00 155.00 NOTE
r-oldrel-macos-arm64 1.1.9 47.00 NOTE
r-oldrel-macos-x86_64 1.1.9 84.00 NOTE
r-oldrel-windows-ix86+x86_64 1.1.9 33.00 128.00 161.00 NOTE

Check Details

Version: 1.1.9
Check: LazyData
Result: NOTE
     'LazyData' is specified without a 'data' directory
Flavors: r-devel-linux-x86_64-debian-clang, r-devel-linux-x86_64-debian-gcc, r-devel-linux-x86_64-fedora-clang, r-devel-linux-x86_64-fedora-gcc, r-devel-windows-x86_64, r-patched-linux-x86_64, r-release-linux-x86_64, r-release-macos-arm64, r-release-macos-x86_64, r-release-windows-x86_64, r-oldrel-macos-arm64, r-oldrel-macos-x86_64, r-oldrel-windows-ix86+x86_64