Last updated on 2025-11-12 02:52:58 CET.
| Flavor | Version | Tinstall | Tcheck | Ttotal | Status | Flags |
|---|---|---|---|---|---|---|
| r-devel-linux-x86_64-debian-clang | 1.2.3 | 9.20 | 168.21 | 177.41 | OK | |
| r-devel-linux-x86_64-debian-gcc | 1.2.3 | 6.53 | 118.04 | 124.57 | OK | |
| r-devel-linux-x86_64-fedora-clang | 1.2.3 | 49.00 | 231.00 | 280.00 | OK | |
| r-devel-linux-x86_64-fedora-gcc | 1.2.3 | 19.00 | 234.80 | 253.80 | OK | |
| r-devel-windows-x86_64 | 1.2.3 | 12.00 | 144.00 | 156.00 | OK | |
| r-patched-linux-x86_64 | 1.2.3 | 8.29 | 156.49 | 164.78 | OK | |
| r-release-linux-x86_64 | 1.2.3 | 7.81 | 156.08 | 163.89 | OK | |
| r-release-macos-arm64 | 1.2.3 | 4.00 | 58.00 | 62.00 | OK | |
| r-release-macos-x86_64 | 1.2.3 | 7.00 | 135.00 | 142.00 | OK | |
| r-release-windows-x86_64 | 1.2.3 | 12.00 | 142.00 | 154.00 | OK | |
| r-oldrel-macos-arm64 | 1.2.3 | 3.00 | 63.00 | 66.00 | NOTE | |
| r-oldrel-macos-x86_64 | 1.2.3 | 7.00 | 121.00 | 128.00 | NOTE | |
| r-oldrel-windows-x86_64 | 1.2.3 | 17.00 | 192.00 | 209.00 | NOTE |
Version: 1.2.3
Check: installed package size
Result: NOTE
installed size is 7.8Mb
sub-directories of 1Mb or more:
HaDeX 4.0Mb
doc 3.6Mb
Flavors: r-oldrel-macos-arm64, r-oldrel-macos-x86_64, r-oldrel-windows-x86_64