Last updated on 2022-07-01 01:49:33 CEST.
Flavor | Version | Tinstall | Tcheck | Ttotal | Status | Flags |
---|---|---|---|---|---|---|
r-devel-linux-x86_64-debian-clang | 1.7.5 | 48.95 | 213.56 | 262.51 | NOTE | |
r-devel-linux-x86_64-debian-gcc | 1.7.5 | 31.27 | 158.33 | 189.60 | NOTE | |
r-devel-linux-x86_64-fedora-clang | 1.7.5 | 335.25 | NOTE | |||
r-devel-linux-x86_64-fedora-gcc | 1.7.5 | 308.77 | NOTE | |||
r-devel-windows-x86_64 | 1.7.5 | 112.00 | 297.00 | 409.00 | NOTE | |
r-patched-linux-x86_64 | 1.7.5 | 36.51 | 200.47 | 236.98 | OK | |
r-release-linux-x86_64 | 1.7.5 | 32.41 | 197.85 | 230.26 | OK | |
r-release-macos-arm64 | 1.7.5 | 116.00 | OK | |||
r-release-macos-x86_64 | 1.7.5 | 174.00 | OK | |||
r-release-windows-x86_64 | 1.7.5 | 95.00 | 293.00 | 388.00 | OK | |
r-oldrel-macos-arm64 | 1.7.5 | 115.00 | OK | |||
r-oldrel-macos-x86_64 | 1.7.5 | 164.00 | OK | |||
r-oldrel-windows-ix86+x86_64 | 1.7.5 | 101.00 | 301.00 | 402.00 | OK |
Version: 1.7.5
Check: Rd files
Result: NOTE
checkRd: (-1) HWAlr.Rd:25: Escaped LaTeX specials: \&
checkRd: (-1) HWAlrPlot.Rd:25: Escaped LaTeX specials: \&
checkRd: (-1) HWClr.Rd:23: Escaped LaTeX specials: \&
checkRd: (-1) HWClrPlot.Rd:25: Escaped LaTeX specials: \&
checkRd: (-1) HWIlr.Rd:30: Escaped LaTeX specials: \&
checkRd: (-1) HWf.Rd:25: Escaped LaTeX specials: \&
Flavors: r-devel-linux-x86_64-debian-clang, r-devel-linux-x86_64-debian-gcc, r-devel-linux-x86_64-fedora-clang, r-devel-linux-x86_64-fedora-gcc, r-devel-windows-x86_64