Last updated on 2024-04-19 01:58:45 CEST.
Flavor | Version | Tinstall | Tcheck | Ttotal | Status | Flags |
---|---|---|---|---|---|---|
r-devel-linux-x86_64-debian-clang | 6.1 | 22.31 | 157.46 | 179.77 | OK | |
r-devel-linux-x86_64-debian-gcc | 6.1 | 18.95 | 112.97 | 131.92 | OK | |
r-devel-linux-x86_64-fedora-clang | 6.1 | 235.41 | NOTE | |||
r-devel-linux-x86_64-fedora-gcc | 6.1 | 224.47 | OK | |||
r-prerel-macos-arm64 | 6.1 | 77.00 | OK | |||
r-prerel-macos-x86_64 | 6.1 | 184.00 | OK | |||
r-prerel-windows-x86_64 | 6.1 | 20.00 | 144.00 | 164.00 | OK | |
r-patched-linux-x86_64 | 6.1 | 25.02 | 146.81 | 171.83 | OK | |
r-release-linux-x86_64 | 6.1 | 21.82 | 153.01 | 174.83 | OK | |
r-release-macos-arm64 | 6.1 | 91.00 | OK | |||
r-release-macos-x86_64 | 6.1 | 138.00 | OK | |||
r-release-windows-x86_64 | 6.1 | 27.00 | 180.00 | 207.00 | OK | |
r-oldrel-macos-arm64 | 6.1 | 84.00 | OK | |||
r-oldrel-windows-x86_64 | 6.1 | 29.00 | 163.00 | 192.00 | OK |
Version: 6.1
Check: Rd cross-references
Result: NOTE
Undeclared package ‘sp’ in Rd xrefs
Flavor: r-devel-linux-x86_64-fedora-clang