Last updated on 2024-03-28 01:53:59 CET.
Flavor | Version | Tinstall | Tcheck | Ttotal | Status | Flags |
---|---|---|---|---|---|---|
r-devel-linux-x86_64-debian-clang | 0.9-1 | 3.36 | 66.64 | 70.00 | OK | |
r-devel-linux-x86_64-debian-gcc | 0.9-1 | 2.26 | 51.58 | 53.84 | OK | |
r-devel-linux-x86_64-fedora-clang | 0.9-1 | 86.91 | NOTE | |||
r-devel-linux-x86_64-fedora-gcc | 0.9-1 | 102.31 | OK | |||
r-devel-windows-x86_64 | 0.9-1 | 4.00 | 86.00 | 90.00 | OK | |
r-patched-linux-x86_64 | 0.9-1 | 4.86 | 61.72 | 66.58 | OK | |
r-release-linux-x86_64 | 0.9-1 | 2.75 | 63.60 | 66.35 | OK | |
r-release-macos-arm64 | 0.9-1 | 50.00 | OK | |||
r-release-macos-x86_64 | 0.9-1 | 100.00 | OK | |||
r-release-windows-x86_64 | 0.9-1 | 5.00 | 102.00 | 107.00 | OK | |
r-oldrel-macos-arm64 | 0.9-1 | 45.00 | OK | |||
r-oldrel-windows-x86_64 | 0.9-1 | 6.00 | 100.00 | 106.00 | OK |
Version: 0.9-1
Check: Rd cross-references
Result: NOTE
Undeclared packages ‘Guerry’, ‘alr4’, ‘agridat’, ‘coin’ in Rd xrefs
Flavor: r-devel-linux-x86_64-fedora-clang