Last updated on 2025-05-18 01:50:30 CEST.
Flavor | Version | Tinstall | Tcheck | Ttotal | Status | Flags |
---|---|---|---|---|---|---|
r-devel-linux-x86_64-debian-clang | 4.0.3 | 18.21 | 41.45 | 59.66 | NOTE | |
r-devel-linux-x86_64-debian-gcc | 4.0.3 | 12.63 | 31.67 | 44.30 | NOTE | |
r-devel-linux-x86_64-fedora-clang | 4.0.3 | 114.11 | OK | |||
r-devel-linux-x86_64-fedora-gcc | 4.0.3 | 125.40 | OK | |||
r-devel-windows-x86_64 | 4.0.3 | 22.00 | 85.00 | 107.00 | OK | |
r-patched-linux-x86_64 | 4.0.3 | 20.16 | 38.93 | 59.09 | OK | |
r-release-linux-x86_64 | 4.0.3 | 19.52 | 39.18 | 58.70 | OK | |
r-release-macos-arm64 | 4.0.3 | 40.00 | OK | |||
r-release-macos-x86_64 | 4.0.3 | 80.00 | OK | |||
r-release-windows-x86_64 | 4.0.3 | 23.00 | 94.00 | 117.00 | OK | |
r-oldrel-macos-arm64 | 4.0.3 | 55.00 | OK | |||
r-oldrel-macos-x86_64 | 4.0.3 | 143.00 | OK | |||
r-oldrel-windows-x86_64 | 4.0.3 | 26.00 | 105.00 | 131.00 | OK |
Version: 4.0.3
Check: CRAN incoming feasibility
Result: NOTE
Maintainer: ‘Stéphane Laurent <laurent_step@outlook.fr>’
No Authors@R field in DESCRIPTION.
Please add one, modifying
Authors@R: person(given = "Stéphane",
family = "Laurent",
role = c("aut", "cre"),
email = "laurent_step@outlook.fr")
as necessary.
Flavors: r-devel-linux-x86_64-debian-clang, r-devel-linux-x86_64-debian-gcc