Last updated on 2024-04-18 01:55:19 CEST.
Flavor | Version | Tinstall | Tcheck | Ttotal | Status | Flags |
---|---|---|---|---|---|---|
r-devel-linux-x86_64-debian-clang | 0.2.0 | 35.98 | 106.45 | 142.43 | NOTE | |
r-devel-linux-x86_64-debian-gcc | 0.2.0 | 30.00 | 78.97 | 108.97 | NOTE | |
r-devel-linux-x86_64-fedora-clang | 0.2.0 | 191.52 | NOTE | |||
r-devel-linux-x86_64-fedora-gcc | 0.2.0 | 191.53 | NOTE | |||
r-prerel-macos-arm64 | 0.2.0 | 56.00 | NOTE | |||
r-prerel-windows-x86_64 | 0.2.0 | 29.00 | 110.00 | 139.00 | NOTE | |
r-patched-linux-x86_64 | 0.2.0 | 35.87 | 101.32 | 137.19 | NOTE | |
r-release-linux-x86_64 | 0.2.0 | 38.62 | 103.27 | 141.89 | NOTE | |
r-release-macos-arm64 | 0.2.0 | 62.00 | NOTE | |||
r-release-macos-x86_64 | 0.2.0 | 100.00 | NOTE | |||
r-release-windows-x86_64 | 0.2.0 | 40.00 | 140.00 | 180.00 | NOTE | |
r-oldrel-macos-arm64 | 0.2.0 | 43.00 | OK | |||
r-oldrel-windows-x86_64 | 0.2.0 | 38.00 | 127.00 | 165.00 | OK |
Version: 0.2.0
Check: C++ specification
Result: NOTE
Specified C++11: please drop specification unless essential
Flavors: r-devel-linux-x86_64-debian-clang, r-devel-linux-x86_64-debian-gcc, r-devel-linux-x86_64-fedora-clang, r-devel-linux-x86_64-fedora-gcc, r-prerel-macos-arm64, r-prerel-windows-x86_64, r-patched-linux-x86_64, r-release-linux-x86_64, r-release-macos-arm64, r-release-macos-x86_64, r-release-windows-x86_64