CRAN Package Check Results for Package ICsurv

Last updated on 2025-04-30 01:50:22 CEST.

Flavor Version Tinstall Tcheck Ttotal Status Flags
r-devel-linux-x86_64-debian-clang 1.0.1 1.94 24.27 26.21 NOTE
r-devel-linux-x86_64-debian-gcc 1.0.1 1.92 19.18 21.10 NOTE
r-devel-linux-x86_64-fedora-clang 1.0.1 41.76 OK
r-devel-linux-x86_64-fedora-gcc 1.0.1 40.14 OK
r-devel-windows-x86_64 1.0.1 4.00 50.00 54.00 OK
r-patched-linux-x86_64 1.0.1 2.71 23.24 25.95 OK
r-release-linux-x86_64 1.0.1 2.35 23.06 25.41 OK
r-release-macos-arm64 1.0.1 19.00 OK
r-release-macos-x86_64 1.0.1 27.00 OK
r-release-windows-x86_64 1.0.1 3.00 48.00 51.00 OK
r-oldrel-macos-arm64 1.0.1 16.00 OK
r-oldrel-macos-x86_64 1.0.1 24.00 OK
r-oldrel-windows-x86_64 1.0.1 4.00 51.00 55.00 OK

Check Details

Version: 1.0.1
Check: CRAN incoming feasibility
Result: NOTE Maintainer: ‘Lianming Wang <wangl@stat.sc.edu>’ No Authors@R field in DESCRIPTION. Please add one, modifying Authors@R: c(person(given = c("Christopher", "S."), family = "McMahan", role = "aut"), person(given = "Lianming", family = "Wang", role = c("aut", "cre"), email = "wangl@stat.sc.edu")) as necessary. Flavors: r-devel-linux-x86_64-debian-clang, r-devel-linux-x86_64-debian-gcc