Last updated on 2024-04-27 01:52:14 CEST.
Flavor | Version | Tinstall | Tcheck | Ttotal | Status | Flags |
---|---|---|---|---|---|---|
r-devel-linux-x86_64-debian-clang | 0.2.0 | 2.41 | 67.33 | 69.74 | NOTE | |
r-devel-linux-x86_64-debian-gcc | 0.2.0 | 1.53 | 47.21 | 48.74 | NOTE | |
r-devel-linux-x86_64-fedora-clang | 0.2.0 | 89.51 | NOTE | |||
r-devel-linux-x86_64-fedora-gcc | 0.2.0 | 84.39 | NOTE | |||
r-devel-windows-x86_64 | 0.2.0 | 3.00 | 72.00 | 75.00 | NOTE | |
r-patched-linux-x86_64 | 0.2.0 | 2.23 | 67.23 | 69.46 | NOTE | |
r-release-linux-x86_64 | 0.2.0 | 1.57 | 66.85 | 68.42 | NOTE | |
r-release-macos-arm64 | 0.2.0 | 37.00 | NOTE | |||
r-release-windows-x86_64 | 0.2.0 | 4.00 | 70.00 | 74.00 | NOTE | |
r-oldrel-macos-arm64 | 0.2.0 | 38.00 | NOTE | |||
r-oldrel-macos-x86_64 | 0.2.0 | 64.00 | NOTE | |||
r-oldrel-windows-x86_64 | 0.2.0 | 4.00 | 79.00 | 83.00 | NOTE |
Version: 0.2.0
Check: LazyData
Result: NOTE
'LazyData' is specified without a 'data' directory
Flavors: r-devel-linux-x86_64-debian-clang, r-devel-linux-x86_64-debian-gcc, r-devel-linux-x86_64-fedora-clang, r-devel-linux-x86_64-fedora-gcc, r-devel-windows-x86_64, r-patched-linux-x86_64, r-release-linux-x86_64, r-release-macos-arm64, r-release-windows-x86_64, r-oldrel-macos-arm64, r-oldrel-macos-x86_64, r-oldrel-windows-x86_64