Last updated on 2023-06-10 01:50:07 CEST.
Flavor | Version | Tinstall | Tcheck | Ttotal | Status | Flags |
---|---|---|---|---|---|---|
r-devel-linux-x86_64-debian-clang | 0.0.3 | 19.99 | 264.91 | 284.90 | OK | |
r-devel-linux-x86_64-debian-gcc | 0.0.3 | 15.29 | 199.40 | 214.69 | OK | |
r-devel-linux-x86_64-fedora-clang | 0.0.3 | 375.08 | NOTE | |||
r-devel-linux-x86_64-fedora-gcc | 0.0.3 | 406.87 | NOTE | |||
r-devel-windows-x86_64 | 0.0.2 | 23.00 | 188.00 | 211.00 | NOTE | |
r-patched-linux-x86_64 | 0.0.2 | 18.36 | 248.73 | 267.09 | OK | |
r-release-linux-x86_64 | 0.0.2 | 18.86 | 247.18 | 266.04 | OK | |
r-release-macos-arm64 | 0.0.3 | 111.00 | NOTE | |||
r-release-macos-x86_64 | 0.0.2 | 195.00 | NOTE | |||
r-release-windows-x86_64 | 0.0.3 | 26.00 | 238.00 | 264.00 | NOTE | |
r-oldrel-macos-arm64 | 0.0.3 | 133.00 | NOTE | |||
r-oldrel-macos-x86_64 | 0.0.3 | 134.00 | NOTE | |||
r-oldrel-windows-x86_64 | 0.0.3 | 29.00 | 242.00 | 271.00 | NOTE |
Version: 0.0.3
Check: installed package size
Result: NOTE
installed size is 5.7Mb
sub-directories of 1Mb or more:
doc 5.3Mb
Flavors: r-devel-linux-x86_64-fedora-clang, r-release-macos-arm64, r-release-windows-x86_64, r-oldrel-macos-arm64, r-oldrel-macos-x86_64, r-oldrel-windows-x86_64
Version: 0.0.3
Check: data for non-ASCII characters
Result: NOTE
Note: found 1 marked UTF-8 string
Flavors: r-devel-linux-x86_64-fedora-clang, r-devel-linux-x86_64-fedora-gcc
Version: 0.0.2
Check: installed package size
Result: NOTE
installed size is 5.5Mb
sub-directories of 1Mb or more:
doc 5.2Mb
Flavors: r-devel-windows-x86_64, r-release-macos-x86_64