Last updated on 2024-04-24 01:52:13 CEST.
Flavor | Version | Tinstall | Tcheck | Ttotal | Status | Flags |
---|---|---|---|---|---|---|
r-devel-linux-x86_64-debian-clang | 1.1.3 | 30.30 | 58.41 | 88.71 | NOTE | |
r-devel-linux-x86_64-debian-gcc | 1.1.3 | 21.97 | 43.12 | 65.09 | NOTE | |
r-devel-linux-x86_64-fedora-clang | 1.1.3 | 120.57 | NOTE | |||
r-devel-linux-x86_64-fedora-gcc | 1.1.3 | 124.96 | NOTE | |||
r-prerel-macos-arm64 | 1.1.3 | 39.00 | NOTE | |||
r-prerel-windows-x86_64 | 1.1.3 | 24.00 | 93.00 | 117.00 | NOTE | |
r-patched-linux-x86_64 | 1.1.3 | 31.58 | 56.67 | 88.25 | NOTE | |
r-release-linux-x86_64 | 1.1.3 | 26.68 | 54.40 | 81.08 | NOTE | |
r-release-macos-arm64 | 1.1.3 | 40.00 | NOTE | |||
r-release-macos-x86_64 | 1.1.3 | 64.00 | NOTE | |||
r-release-windows-x86_64 | 1.1.3 | 32.00 | 104.00 | 136.00 | NOTE | |
r-oldrel-macos-arm64 | 1.1.3 | 37.00 | OK | |||
r-oldrel-windows-x86_64 | 1.1.3 | 30.00 | 109.00 | 139.00 | OK |
Version: 1.1.3
Check: Rd files
Result: NOTE
checkRd: (-1) ISOpureS1.model_optimize.kappa.kappa_deriv_loglikelihood.Rd:9: Escaped LaTeX specials: \$
checkRd: (-1) ISOpureS1.model_optimize.kappa.kappa_deriv_loglikelihood.Rd:14: Escaped LaTeX specials: \$
checkRd: (-1) ISOpureS1.model_optimize.kappa.kappa_loglikelihood.Rd:11: Escaped LaTeX specials: \$
checkRd: (-1) ISOpureS2.model_optimize.kappa.kappa_deriv_loglikelihood.Rd:11: Escaped LaTeX specials: \$
checkRd: (-1) ISOpureS2.model_optimize.kappa.kappa_loglikelihood.Rd:11: Escaped LaTeX specials: \$
Flavors: r-devel-linux-x86_64-debian-clang, r-devel-linux-x86_64-debian-gcc, r-devel-linux-x86_64-fedora-clang, r-devel-linux-x86_64-fedora-gcc, r-prerel-macos-arm64, r-prerel-windows-x86_64, r-patched-linux-x86_64, r-release-linux-x86_64, r-release-macos-arm64, r-release-macos-x86_64, r-release-windows-x86_64