Last updated on 2024-08-16 01:48:21 CEST.
Flavor | Version | Tinstall | Tcheck | Ttotal | Status | Flags |
---|---|---|---|---|---|---|
r-devel-linux-x86_64-debian-clang | 1.0.5 | 27.68 | 303.59 | 331.27 | OK | |
r-devel-linux-x86_64-debian-gcc | 1.0.5 | 16.36 | 190.97 | 207.33 | OK | |
r-devel-linux-x86_64-fedora-clang | 1.0.5 | 506.78 | NOTE | |||
r-devel-linux-x86_64-fedora-gcc | 1.0.5 | 499.70 | NOTE | |||
r-devel-windows-x86_64 | 1.0.5 | 26.00 | 267.00 | 293.00 | OK | |
r-patched-linux-x86_64 | 1.0.5 | 25.99 | 267.50 | 293.49 | OK | |
r-release-linux-x86_64 | 1.0.5 | 27.04 | 271.73 | 298.77 | OK | |
r-release-macos-arm64 | 1.0.5 | 145.00 | OK | |||
r-release-macos-x86_64 | 1.0.5 | 358.00 | OK | |||
r-release-windows-x86_64 | 1.0.5 | 27.00 | 265.00 | 292.00 | OK | |
r-oldrel-macos-arm64 | 1.0.5 | 308.00 | ERROR | |||
r-oldrel-macos-x86_64 | 1.0.5 | 540.00 | ERROR | |||
r-oldrel-windows-x86_64 | 1.0.5 | 37.00 | 343.00 | 380.00 | OK |
Version: 1.0.5
Check: data for non-ASCII characters
Result: NOTE
Note: found 10 marked UTF-8 strings
Flavors: r-devel-linux-x86_64-fedora-clang, r-devel-linux-x86_64-fedora-gcc
Version: 1.0.5
Check: for detritus in the temp directory
Result: NOTE
Found the following files/directories:
‘Crashpad’
Flavor: r-devel-linux-x86_64-fedora-gcc
Version: 1.0.5
Check: running R code from vignettes
Result: ERROR
Errors in running code in vignettes:
when running code in ‘IceSat-2_Atlas_products_PDF.Rmd’
...
1 output sublist did not have a valid 'description' and will be removed!
FILE: 137/138
1 output sublist did not have a valid 'description' and will be removed!
FILE: 138/138
1 output sublist did not have a valid 'description' and will be removed!
The 'description' column of the output data will be processed ...
When sourcing ‘IceSat-2_Atlas_products_PDF.R’:
Error: It seems that after splitting the observations by empty space the number of columns (per row) are not an even number!
Execution halted
when running code in ‘IceSat-2_Virtual_File_System_Orbits_PDF.Rmd’
...
The 'https://icesat-2.gsfc.nasa.gov/sites/default/files/page_files/ICESat2groundtracksEasternHem.zip' 'zip' file includes 56 'kmz' files.
Elapsed time: 0 hours and 0 minutes and 5 seconds.
Data based on repeat and track will be kept ...
Data based on repeat and track will be kept ...
The file 'EasternHem_repeat1_GT7.kmz' will be processed ...
Cannot open data source /vsizip/vsicurl/https://icesat-2.gsfc.nasa.gov/sites/default/files/page_files/ICESat2groundtracksEasternHem.zip/ICESat2_groundtracks_EasternHem/EasternHem_repeat1_GT7.kmz
When sourcing ‘IceSat-2_Virtual_File_System_Orbits_PDF.R’:
Error: Open failed.
Execution halted
‘IceSat-2_Atlas_products_PDF.Rmd’ using ‘UTF-8’... failed
‘IceSat-2_Mission_Orbits_PDF.Rmd’ using ‘UTF-8’... [8s/9s] OK
‘IceSat-2_Virtual_File_System_Orbits_PDF.Rmd’ using ‘UTF-8’... failed
Flavor: r-oldrel-macos-arm64
Version: 1.0.5
Check: running R code from vignettes
Result: ERROR
Errors in running code in vignettes:
when running code in ‘IceSat-2_Atlas_products_PDF.Rmd’
...
1 output sublist did not have a valid 'description' and will be removed!
FILE: 137/138
1 output sublist did not have a valid 'description' and will be removed!
FILE: 138/138
1 output sublist did not have a valid 'description' and will be removed!
The 'description' column of the output data will be processed ...
When sourcing ‘IceSat-2_Atlas_products_PDF.R’:
Error: It seems that after splitting the observations by empty space the number of columns (per row) are not an even number!
Execution halted
when running code in ‘IceSat-2_Virtual_File_System_Orbits_PDF.Rmd’
...
The 'https://icesat-2.gsfc.nasa.gov/sites/default/files/page_files/ICESat2groundtracksEasternHem.zip' 'zip' file includes 56 'kmz' files.
Elapsed time: 0 hours and 0 minutes and 5 seconds.
Data based on repeat and track will be kept ...
Data based on repeat and track will be kept ...
The file 'EasternHem_repeat1_GT7.kmz' will be processed ...
Cannot open data source /vsizip/vsicurl/https://icesat-2.gsfc.nasa.gov/sites/default/files/page_files/ICESat2groundtracksEasternHem.zip/ICESat2_groundtracks_EasternHem/EasternHem_repeat1_GT7.kmz
When sourcing ‘IceSat-2_Virtual_File_System_Orbits_PDF.R’:
Error: Open failed.
Execution halted
‘IceSat-2_Atlas_products_PDF.Rmd’ using ‘UTF-8’... failed
‘IceSat-2_Mission_Orbits_PDF.Rmd’ using ‘UTF-8’... [12s/16s] OK
‘IceSat-2_Virtual_File_System_Orbits_PDF.Rmd’ using ‘UTF-8’... failed
Flavor: r-oldrel-macos-x86_64
Version: 1.0.5
Check: re-building of vignette outputs
Result: NOTE
Error(s) in re-building vignettes:
...
--- re-building ‘IceSat-2_Atlas_products_PDF.Rmd’ using rmarkdown
Quitting from lines 605-608 [unnamed-chunk-20] (IceSat-2_Atlas_products_PDF.Rmd)
Error: processing vignette 'IceSat-2_Atlas_products_PDF.Rmd' failed with diagnostics:
Chrome debugging port not open after 10 seconds.
--- failed re-building ‘IceSat-2_Atlas_products_PDF.Rmd’
--- re-building ‘IceSat-2_Mission_Orbits_PDF.Rmd’ using rmarkdown
file:////private/var/folders/2b/t0kwbtmn3p7brv2mvx39c9cr0000gn/T/Rtmpin60fX/file1656736f23aa1/widget1656758e73c35.html screenshot completed
file:////private/var/folders/2b/t0kwbtmn3p7brv2mvx39c9cr0000gn/T/Rtmpin60fX/file165678b16e3f/widget1656738bcee8e.html screenshot completed
file:////private/var/folders/2b/t0kwbtmn3p7brv2mvx39c9cr0000gn/T/Rtmpin60fX/file16567e8e5278/widget1656721c84bbf.html screenshot completed
--- finished re-building ‘IceSat-2_Mission_Orbits_PDF.Rmd’
--- re-building ‘IceSat-2_Virtual_File_System_Orbits_PDF.Rmd’ using rmarkdown
Warning: LaTeX Warning: `h' float specifier changed to `ht'.
--- finished re-building ‘IceSat-2_Virtual_File_System_Orbits_PDF.Rmd’
SUMMARY: processing the following file failed:
‘IceSat-2_Atlas_products_PDF.Rmd’
Error: Vignette re-building failed.
Execution halted
Flavor: r-oldrel-macos-x86_64