CRAN Package Check Results for Package IncDTW

Last updated on 2020-02-23 07:49:25 CET.

Flavor Version Tinstall Tcheck Ttotal Status Flags
r-devel-linux-x86_64-debian-clang 1.1.3 109.61 88.09 197.70 NOTE
r-devel-linux-x86_64-debian-gcc 1.1.3 80.28 65.31 145.59 NOTE
r-devel-linux-x86_64-fedora-clang 1.1.3 265.05 NOTE
r-devel-linux-x86_64-fedora-gcc 1.1.3 256.56 NOTE
r-devel-windows-ix86+x86_64 1.1.3 200.00 129.00 329.00 NOTE
r-devel-windows-ix86+x86_64-gcc8 1.1.3 342.00 179.00 521.00 NOTE
r-patched-linux-x86_64 1.1.3 NOTE
r-patched-solaris-x86 1.1.3 237.60 NOTE
r-release-linux-x86_64 1.1.3 89.07 78.01 167.08 NOTE
r-release-windows-ix86+x86_64 1.1.3 200.00 128.00 328.00 NOTE
r-release-osx-x86_64 1.1.3 NOTE
r-oldrel-windows-ix86+x86_64 1.1.3 208.00 119.00 327.00 NOTE
r-oldrel-osx-x86_64 1.1.3 NOTE

Check Details

Version: 1.1.3
Check: for GNU extensions in Makefiles
Result: NOTE
    GNU make is a SystemRequirements.
Flavors: r-devel-linux-x86_64-debian-clang, r-devel-linux-x86_64-debian-gcc, r-devel-linux-x86_64-fedora-clang, r-devel-linux-x86_64-fedora-gcc, r-devel-windows-ix86+x86_64, r-devel-windows-ix86+x86_64-gcc8, r-patched-linux-x86_64, r-patched-solaris-x86, r-release-linux-x86_64, r-release-windows-ix86+x86_64, r-release-osx-x86_64, r-oldrel-windows-ix86+x86_64, r-oldrel-osx-x86_64

Version: 1.1.3
Check: installed package size
Result: NOTE
     installed size is 7.7Mb
     sub-directories of 1Mb or more:
     doc 2.0Mb
     libs 4.9Mb
Flavors: r-devel-linux-x86_64-fedora-clang, r-devel-windows-ix86+x86_64-gcc8, r-release-osx-x86_64, r-oldrel-osx-x86_64