Last updated on 2024-08-16 01:48:21 CEST.
Flavor | Version | Tinstall | Tcheck | Ttotal | Status | Flags |
---|---|---|---|---|---|---|
r-devel-linux-x86_64-debian-clang | 0.1.2 | 6.28 | 94.56 | 100.84 | OK | |
r-devel-linux-x86_64-debian-gcc | 0.1.2 | 5.39 | 61.95 | 67.34 | OK | |
r-devel-linux-x86_64-fedora-clang | 0.1.2 | 152.62 | NOTE | |||
r-devel-linux-x86_64-fedora-gcc | 0.1.2 | 143.52 | NOTE | |||
r-devel-windows-x86_64 | 0.1.2 | 11.00 | 99.00 | 110.00 | OK | |
r-patched-linux-x86_64 | 0.1.2 | 6.10 | 82.75 | 88.85 | OK | |
r-release-linux-x86_64 | 0.1.2 | 6.02 | 83.06 | 89.08 | OK | |
r-release-macos-arm64 | 0.1.2 | 43.00 | OK | |||
r-release-macos-x86_64 | 0.1.2 | 109.00 | OK | |||
r-release-windows-x86_64 | 0.1.2 | 11.00 | 98.00 | 109.00 | OK | |
r-oldrel-macos-arm64 | 0.1.2 | 50.00 | OK | |||
r-oldrel-macos-x86_64 | 0.1.2 | 89.00 | OK | |||
r-oldrel-windows-x86_64 | 0.1.2 | 14.00 | 117.00 | 131.00 | OK |
Version: 0.1.2
Check: data for non-ASCII characters
Result: NOTE
Note: found 2 marked UTF-8 strings
Flavors: r-devel-linux-x86_64-fedora-clang, r-devel-linux-x86_64-fedora-gcc